CRAN Package Check Results for Package nhds

Last updated on 2020-02-17 22:49:39 CET.

Flavor Version Tinstall Tcheck Ttotal Status Flags
r-devel-linux-x86_64-debian-clang 1.0.3 12.32 36.14 48.46 OK
r-devel-linux-x86_64-debian-gcc 1.0.3 13.16 30.64 43.80 OK
r-devel-linux-x86_64-fedora-clang 1.0.3 65.75 NOTE
r-devel-linux-x86_64-fedora-gcc 1.0.3 65.65 OK
r-devel-windows-ix86+x86_64 1.0.3 23.00 49.00 72.00 NOTE
r-devel-windows-ix86+x86_64-gcc8 1.0.3 30.00 70.00 100.00 NOTE
r-patched-linux-x86_64 1.0.3 12.07 34.20 46.27 OK
r-patched-solaris-x86 1.0.3 101.50 NOTE
r-release-linux-x86_64 1.0.3 12.86 33.93 46.79 OK
r-release-windows-ix86+x86_64 1.0.3 16.00 53.00 69.00 NOTE
r-release-osx-x86_64 1.0.3 NOTE
r-oldrel-windows-ix86+x86_64 1.0.3 18.00 64.00 82.00 NOTE
r-oldrel-osx-x86_64 1.0.3 NOTE

Check Details

Version: 1.0.3
Check: installed package size
Result: NOTE
     installed size is 6.2Mb
     sub-directories of 1Mb or more:
     data 5.9Mb
Flavors: r-devel-linux-x86_64-fedora-clang, r-devel-windows-ix86+x86_64, r-devel-windows-ix86+x86_64-gcc8, r-patched-solaris-x86, r-release-windows-ix86+x86_64, r-release-osx-x86_64, r-oldrel-windows-ix86+x86_64, r-oldrel-osx-x86_64