Last updated on 2023-09-25 22:12:45 CEST.
Flavor | Version | Tinstall | Tcheck | Ttotal | Status | Flags |
---|---|---|---|---|---|---|
r-devel-linux-x86_64-debian-clang | 0.6.2 | 6.07 | 60.77 | 66.84 | NOTE | |
r-devel-linux-x86_64-debian-gcc | 0.6.2 | 5.23 | 44.81 | 50.04 | NOTE | |
r-devel-linux-x86_64-fedora-clang | 0.6.2 | 79.00 | NOTE | |||
r-devel-linux-x86_64-fedora-gcc | 0.6.2 | 77.20 | NOTE | |||
r-devel-windows-x86_64 | 0.6.2 | 7.00 | 69.00 | 76.00 | NOTE | |
r-patched-linux-x86_64 | 0.6.2 | 4.50 | 55.39 | 59.89 | NOTE | |
r-release-linux-x86_64 | 0.6.2 | 4.09 | 56.10 | 60.19 | NOTE | |
r-release-macos-arm64 | 0.6.2 | 28.00 | NOTE | |||
r-release-macos-x86_64 | 0.6.2 | 40.00 | NOTE | |||
r-release-windows-x86_64 | 0.6.2 | 9.00 | 76.00 | 85.00 | NOTE | |
r-oldrel-macos-arm64 | 0.6.2 | 27.00 | NOTE | |||
r-oldrel-macos-x86_64 | 0.6.2 | 46.00 | NOTE | |||
r-oldrel-windows-x86_64 | 0.6.2 | 9.00 | 76.00 | 85.00 | NOTE |
Version: 0.6.2
Check: LazyData
Result: NOTE
'LazyData' is specified without a 'data' directory
Flavors: r-devel-linux-x86_64-debian-clang, r-devel-linux-x86_64-debian-gcc, r-devel-linux-x86_64-fedora-clang, r-devel-linux-x86_64-fedora-gcc, r-devel-windows-x86_64, r-patched-linux-x86_64, r-release-linux-x86_64, r-release-macos-arm64, r-release-macos-x86_64, r-release-windows-x86_64, r-oldrel-macos-arm64, r-oldrel-macos-x86_64, r-oldrel-windows-x86_64