Last updated on 2024-04-23 22:55:30 CEST.
Flavor | Version | Tinstall | Tcheck | Ttotal | Status | Flags |
---|---|---|---|---|---|---|
r-devel-linux-x86_64-debian-clang | 0.11.0 | 21.69 | 98.31 | 120.00 | NOTE | |
r-devel-linux-x86_64-debian-gcc | 0.11.0 | 15.14 | 72.72 | 87.86 | NOTE | |
r-devel-linux-x86_64-fedora-clang | 0.11.0 | 147.74 | NOTE | |||
r-devel-linux-x86_64-fedora-gcc | 0.11.0 | 142.54 | NOTE | |||
r-prerel-macos-arm64 | 0.11.0 | 45.00 | NOTE | |||
r-prerel-windows-x86_64 | 0.11.0 | 19.00 | 84.00 | 103.00 | NOTE | |
r-patched-linux-x86_64 | 0.11.0 | 18.05 | 93.06 | 111.11 | NOTE | |
r-release-linux-x86_64 | 0.11.0 | 19.25 | 95.20 | 114.45 | OK | |
r-release-macos-arm64 | 0.11.0 | 56.00 | OK | |||
r-release-macos-x86_64 | 0.11.0 | 76.00 | OK | |||
r-release-windows-x86_64 | 0.11.0 | 25.00 | 99.00 | 124.00 | OK | |
r-oldrel-macos-arm64 | 0.11.0 | 48.00 | OK | |||
r-oldrel-windows-x86_64 | 0.11.0 | 25.00 | 103.00 | 128.00 | OK |
Version: 0.11.0
Check: Rd files
Result: NOTE
checkRd: (-1) buildIteratedFilter2.Rd:105: Lost braces
105 | Ionides, E.L., D. Nguyen, Y. Atchad{\'e}, S. Stoev, and A.A. King (2015). Inference for dynamic and latent variable models via iterated, perturbed Bayes maps. \emph{Proceedings of the National Academy of Sciences}, 112(3), 719-724.
| ^
Flavors: r-devel-linux-x86_64-debian-clang, r-devel-linux-x86_64-debian-gcc, r-devel-linux-x86_64-fedora-clang, r-devel-linux-x86_64-fedora-gcc, r-prerel-macos-arm64, r-prerel-windows-x86_64, r-patched-linux-x86_64