CRAN Package Check Results for Package nlaR

Last updated on 2021-05-05 22:51:42 CEST.

Flavor Version Tinstall Tcheck Ttotal Status Flags
r-devel-linux-x86_64-debian-clang 0.4.0 1.85 23.82 25.67 NOTE
r-devel-linux-x86_64-debian-gcc 0.4.0 1.79 18.96 20.75 NOTE
r-devel-linux-x86_64-fedora-clang 0.4.0 42.54 NOTE
r-devel-linux-x86_64-fedora-gcc 0.4.0 31.97 NOTE
r-devel-windows-ix86+x86_64 0.4.0 5.00 38.00 43.00 NOTE
r-devel-windows-x86_64-gcc10-UCRT 0.4.0 NOTE
r-patched-linux-x86_64 0.4.0 1.94 23.82 25.76 NOTE
r-patched-solaris-x86 0.4.0 53.40 OK
r-release-linux-x86_64 0.4.0 1.94 23.60 25.54 OK
r-release-macos-x86_64 0.4.0 OK
r-release-windows-ix86+x86_64 0.4.0 5.00 27.00 32.00 OK
r-oldrel-macos-x86_64 0.4.0 OK
r-oldrel-windows-ix86+x86_64 0.4.0 4.00 38.00 42.00 OK

Check Details

Version: 0.4.0
Check: LazyData
Result: NOTE
     'LazyData' is specified without a 'data' directory
Flavors: r-devel-linux-x86_64-debian-clang, r-devel-linux-x86_64-debian-gcc, r-devel-linux-x86_64-fedora-clang, r-devel-linux-x86_64-fedora-gcc, r-devel-windows-ix86+x86_64, r-devel-windows-x86_64-gcc10-UCRT, r-patched-linux-x86_64