CRAN Package Check Results for Package nlcv

Last updated on 2021-12-01 22:53:18 CET.

Flavor Version Tinstall Tcheck Ttotal Status Flags
r-devel-linux-x86_64-debian-clang 0.3.5 30.75 307.74 338.49 OK
r-devel-linux-x86_64-debian-gcc 0.3.5 26.15 235.84 261.99 OK
r-devel-linux-x86_64-fedora-clang 0.3.5 421.46 OK
r-devel-linux-x86_64-fedora-gcc 0.3.5 400.47 OK
r-devel-windows-x86_64-new-UL 0.3.5 52.00 354.00 406.00 OK
r-devel-windows-x86_64-new-TK 0.3.5 OK
r-devel-windows-x86_64-old 0.3.5 45.00 248.00 293.00 OK
r-patched-linux-x86_64 0.3.5 34.60 288.98 323.58 OK
r-patched-solaris-x86 0.3.5 568.70 OK
r-release-linux-x86_64 0.3.5 27.17 293.78 320.95 OK
r-release-macos-arm64 0.3.5 OK
r-release-macos-x86_64 0.3.5 NOTE
r-release-windows-ix86+x86_64 0.3.5 71.00 336.00 407.00 OK
r-oldrel-macos-x86_64 0.3.5 NOTE
r-oldrel-windows-ix86+x86_64 0.3.5 60.00 296.00 356.00 OK

Check Details

Version: 0.3.5
Check: package dependencies
Result: NOTE
    Package suggested but not available for checking: ‘ALL’
Flavors: r-release-macos-x86_64, r-oldrel-macos-x86_64