CRAN Package Check Results for Package nlgeocoder

Last updated on 2021-05-06 22:55:28 CEST.

Flavor Version Tinstall Tcheck Ttotal Status Flags
r-devel-linux-x86_64-debian-clang 0.1.3 2.26 35.56 37.82 OK
r-devel-linux-x86_64-debian-gcc 0.1.3 1.71 27.37 29.08 OK
r-devel-linux-x86_64-fedora-clang 0.1.3 52.95 OK
r-devel-linux-x86_64-fedora-gcc 0.1.3 45.35 OK
r-devel-windows-ix86+x86_64 0.1.3 5.00 58.00 63.00 OK
r-devel-windows-x86_64-gcc10-UCRT 0.1.3 OK
r-patched-linux-x86_64 0.1.3 2.25 34.31 36.56 OK
r-patched-solaris-x86 0.1.3 66.40 WARN
r-release-linux-x86_64 0.1.3 2.02 34.11 36.13 OK
r-release-macos-x86_64 0.1.3 WARN
r-release-windows-ix86+x86_64 0.1.3 5.00 47.00 52.00 OK
r-oldrel-macos-x86_64 0.1.3 WARN
r-oldrel-windows-ix86+x86_64 0.1.3 4.00 54.00 58.00 OK

Check Details

Version: 0.1.3
Check: re-building of vignette outputs
Result: WARN
    Error(s) in re-building vignettes:
     ...
    --- re-building ‘geocode.Rmd’ using rmarkdown
    Warning in engine$weave(file, quiet = quiet, encoding = enc) :
     Pandoc (>= 1.12.3) not available. Falling back to R Markdown v1.
    Quitting from lines 127-133 (geocode.Rmd)
    Error: processing vignette 'geocode.Rmd' failed with diagnostics:
    there is no package called 'webshot'
    --- failed re-building ‘geocode.Rmd’
    
    SUMMARY: processing the following file failed:
     ‘geocode.Rmd’
    
    Error: Vignette re-building failed.
    Execution halted
Flavor: r-patched-solaris-x86

Version: 0.1.3
Check: re-building of vignette outputs
Result: WARN
    Error(s) in re-building vignettes:
     ...
    --- re-building ‘geocode.Rmd’ using rmarkdown
    Warning in engine$weave(file, quiet = quiet, encoding = enc) :
     Pandoc (>= 1.12.3) and/or pandoc-citeproc not available. Falling back to R Markdown v1.
    Quitting from lines 127-133 (geocode.Rmd)
    Error: processing vignette 'geocode.Rmd' failed with diagnostics:
    cannot open the connection
    --- failed re-building ‘geocode.Rmd’
    
    SUMMARY: processing the following file failed:
     ‘geocode.Rmd’
    
    Error: Vignette re-building failed.
    Execution halted
Flavors: r-release-macos-x86_64, r-oldrel-macos-x86_64