CRAN Package Check Results for Package nlirms

Last updated on 2021-11-27 22:57:04 CET.

Flavor Version Tinstall Tcheck Ttotal Status Flags
r-devel-linux-x86_64-debian-clang 3.4.4 NOTE
r-devel-linux-x86_64-debian-gcc 3.4.4 2.27 20.79 23.06 NOTE
r-devel-linux-x86_64-fedora-clang 3.4.4 48.50 NOTE
r-devel-linux-x86_64-fedora-gcc 3.4.4 35.87 NOTE
r-devel-windows-x86_64-new-UL 3.4.4 8.00 60.00 68.00 NOTE
r-devel-windows-x86_64-new-TK 3.4.4 NOTE
r-devel-windows-x86_64-old 3.4.4 5.00 60.00 65.00 NOTE
r-patched-linux-x86_64 3.4.4 2.76 24.84 27.60 NOTE
r-patched-solaris-x86 3.4.4 51.30 NOTE
r-release-linux-x86_64 3.4.4 NOTE
r-release-macos-arm64 3.4.4 NOTE
r-release-macos-x86_64 3.4.4 NOTE
r-release-windows-ix86+x86_64 3.4.4 6.00 34.00 40.00 NOTE
r-oldrel-macos-x86_64 3.4.4 OK
r-oldrel-windows-ix86+x86_64 3.4.4 5.00 45.00 50.00 OK

Check Details

Version: 3.4.4
Check: LazyData
Result: NOTE
     'LazyData' is specified without a 'data' directory
Flavors: r-devel-linux-x86_64-debian-clang, r-devel-linux-x86_64-debian-gcc, r-devel-linux-x86_64-fedora-clang, r-devel-linux-x86_64-fedora-gcc, r-devel-windows-x86_64-new-UL, r-devel-windows-x86_64-new-TK, r-devel-windows-x86_64-old, r-patched-linux-x86_64, r-patched-solaris-x86, r-release-linux-x86_64, r-release-macos-arm64, r-release-macos-x86_64, r-release-windows-ix86+x86_64