Last updated on 2023-09-29 21:54:00 CEST.
Flavor | Version | Tinstall | Tcheck | Ttotal | Status | Flags |
---|---|---|---|---|---|---|
r-devel-linux-x86_64-debian-clang | 0.1.0 | 19.98 | 134.72 | 154.70 | OK | |
r-devel-linux-x86_64-debian-gcc | 0.1.0 | 14.03 | 99.80 | 113.83 | OK | |
r-devel-linux-x86_64-fedora-clang | 0.1.0 | 179.82 | NOTE | |||
r-devel-linux-x86_64-fedora-gcc | 0.1.0 | 177.84 | NOTE | |||
r-devel-windows-x86_64 | 0.1.0 | 16.00 | 107.00 | 123.00 | OK | |
r-patched-linux-x86_64 | 0.1.0 | 11.55 | 123.83 | 135.38 | OK | |
r-release-linux-x86_64 | 0.1.0 | 11.81 | 125.25 | 137.06 | OK | |
r-release-macos-arm64 | 0.1.0 | 55.00 | OK | |||
r-release-macos-x86_64 | 0.1.0 | 92.00 | OK | |||
r-release-windows-x86_64 | 0.1.0 | 21.00 | 126.00 | 147.00 | OK | |
r-oldrel-macos-arm64 | 0.1.0 | 48.00 | NOTE | |||
r-oldrel-macos-x86_64 | 0.1.0 | 70.00 | NOTE | |||
r-oldrel-windows-x86_64 | 0.1.0 | 20.00 | 127.00 | 147.00 | OK |
Version: 0.1.0
Check: dependencies in R code
Result: NOTE
Namespaces in Imports field not imported from:
‘knitr’ ‘nlraa’
All declared Imports should be used.
Flavors: r-devel-linux-x86_64-fedora-clang, r-devel-linux-x86_64-fedora-gcc, r-oldrel-macos-arm64, r-oldrel-macos-x86_64