CRAN Package Check Results for Package nloptr

Last updated on 2021-12-04 22:59:41 CET.

Flavor Version Tinstall Tcheck Ttotal Status Flags
r-devel-linux-x86_64-debian-clang 1.2.2.3 8.07 55.06 63.13 OK
r-devel-linux-x86_64-debian-gcc 1.2.2.3 5.20 43.00 48.20 OK
r-devel-linux-x86_64-fedora-clang 1.2.2.3 78.16 OK
r-devel-linux-x86_64-fedora-gcc 1.2.2.3 67.00 OK
r-devel-windows-x86_64-new-UL 1.2.2.3 21.00 132.00 153.00 OK
r-devel-windows-x86_64-new-TK 1.2.2.3 OK
r-devel-windows-x86_64-old 1.2.2.3 10.00 61.00 71.00 OK
r-patched-linux-x86_64 1.2.2.3 6.98 45.23 52.21 OK
r-release-linux-x86_64 1.2.2.3 6.09 45.13 51.22 OK
r-release-macos-arm64 1.2.2.3 WARN
r-release-macos-x86_64 1.2.2.3 WARN
r-release-windows-ix86+x86_64 1.2.2.3 14.00 117.00 131.00 OK
r-oldrel-macos-x86_64 1.2.2.3 WARN
r-oldrel-windows-ix86+x86_64 1.2.2.3 32.00 108.00 140.00 OK

Additional issues

M1mac

Check Details

Version: 1.2.2.3
Check: whether package can be installed
Result: WARN
    Found the following significant warnings:
     clang: warning: treating 'c' input as 'c++' when in C++ mode, this behavior is deprecated [-Wdeprecated]
     DIRsubrout.c:505:10: warning: explicitly assigning value of variable of type 'integer' (aka 'int') to itself [-Wself-assign]
     hybrid.c:91:12: warning: 'nlopt_minimize' is deprecated [-Wdeprecated-declarations]
     newuoa.c:184:9: warning: 'nlopt_minimize_constrained' is deprecated [-Wdeprecated-declarations]
     newuoa.c:1241:10: warning: 'nlopt_minimize_constrained' is deprecated [-Wdeprecated-declarations]
     general.c:134:38: warning: 'syscall' is deprecated: first deprecated in macOS 10.12 - syscall(2) is unsupported; please switch to a supported interface. For SYS_kdebug_trace use kdebug_signpost(). [-Wdeprecated-declarations]
     ./f77funcs.h:57:14: warning: 'nlopt_minimize_constrained' is deprecated [-Wdeprecated-declarations]
     ./f77funcs.h:96:6: warning: 'nlopt_get_local_search_algorithm' is deprecated [-Wdeprecated-declarations]
     ./f77funcs.h:104:6: warning: 'nlopt_set_local_search_algorithm' is deprecated [-Wdeprecated-declarations]
     ./f77funcs.h:109:13: warning: 'nlopt_get_stochastic_population' is deprecated [-Wdeprecated-declarations]
     ./f77funcs.h:113:6: warning: 'nlopt_set_stochastic_population' is deprecated [-Wdeprecated-declarations]
     testopt.cpp:218:11: warning: 'nlopt_minimize' is deprecated [-Wdeprecated-declarations]
Flavors: r-release-macos-arm64, r-release-macos-x86_64, r-oldrel-macos-x86_64