CRAN Package Check Results for Package nmadb

Last updated on 2020-02-17 22:49:39 CET.

Flavor Version Tinstall Tcheck Ttotal Status Flags
r-devel-linux-x86_64-debian-clang 1.2.0 2.41 30.24 32.65 OK
r-devel-linux-x86_64-debian-gcc 1.2.0 1.75 24.25 26.00 OK
r-devel-linux-x86_64-fedora-clang 1.2.0 40.40 NOTE
r-devel-linux-x86_64-fedora-gcc 1.2.0 38.22 NOTE
r-devel-windows-ix86+x86_64 1.2.0 9.00 47.00 56.00 OK
r-devel-windows-ix86+x86_64-gcc8 1.2.0 13.00 65.00 78.00 OK
r-patched-linux-x86_64 1.2.0 1.89 28.72 30.61 OK
r-patched-solaris-x86 1.2.0 56.60 NOTE
r-release-linux-x86_64 1.2.0 1.76 28.41 30.17 OK
r-release-windows-ix86+x86_64 1.2.0 6.00 48.00 54.00 OK
r-release-osx-x86_64 1.2.0 NOTE
r-oldrel-windows-ix86+x86_64 1.2.0 4.00 72.00 76.00 OK
r-oldrel-osx-x86_64 1.2.0 NOTE

Check Details

Version: 1.2.0
Check: dependencies in R code
Result: NOTE
    Namespaces in Imports field not imported from:
     ‘devtools’ ‘jsonlite’
     All declared Imports should be used.
Flavors: r-devel-linux-x86_64-fedora-clang, r-devel-linux-x86_64-fedora-gcc, r-patched-solaris-x86, r-release-osx-x86_64, r-oldrel-osx-x86_64