CRAN Package Check Results for Package nmadb

Last updated on 2019-09-16 22:49:27 CEST.

Flavor Version Tinstall Tcheck Ttotal Status Flags
r-devel-linux-x86_64-debian-clang 1.0.0 2.00 25.99 27.99 OK
r-devel-linux-x86_64-debian-gcc 1.0.0 1.79 21.28 23.07 OK
r-devel-linux-x86_64-fedora-clang 1.0.0 34.79 NOTE
r-devel-linux-x86_64-fedora-gcc 1.0.0 36.83 NOTE
r-devel-windows-ix86+x86_64 1.0.0 14.00 43.00 57.00 OK
r-patched-linux-x86_64 1.0.0 1.52 27.24 28.76 OK
r-patched-solaris-x86 1.0.0 54.20 NOTE
r-release-linux-x86_64 1.0.0 1.45 27.43 28.88 OK
r-release-windows-ix86+x86_64 1.0.0 6.00 56.00 62.00 OK
r-release-osx-x86_64 1.0.0 NOTE
r-oldrel-windows-ix86+x86_64 1.0.0 7.00 39.00 46.00 OK
r-oldrel-osx-x86_64 1.0.0 NOTE

Check Details

Version: 1.0.0
Check: dependencies in R code
Result: NOTE
    Namespaces in Imports field not imported from:
     ‘devtools’ ‘jsonlite’
     All declared Imports should be used.
Flavors: r-devel-linux-x86_64-fedora-clang, r-devel-linux-x86_64-fedora-gcc, r-patched-solaris-x86, r-release-osx-x86_64, r-oldrel-osx-x86_64