CRAN Package Check Results for Package nmfgpu4R

Last updated on 2019-07-17 22:54:35 CEST.

Flavor Version Tinstall Tcheck Ttotal Status Flags
r-devel-linux-x86_64-debian-clang 0.2.5.2 32.84 52.81 85.65 OK
r-devel-linux-x86_64-debian-gcc 0.2.5.2 27.70 42.84 70.54 OK
r-devel-linux-x86_64-fedora-clang 0.2.5.2 120.96 NOTE
r-devel-linux-x86_64-fedora-gcc 0.2.5.2 111.48 NOTE
r-devel-windows-ix86+x86_64 0.2.5.2 104.00 88.00 192.00 OK
r-patched-linux-x86_64 0.2.5.2 30.66 52.50 83.16 OK
r-patched-solaris-x86 0.2.5.2 147.20 WARN
r-release-linux-x86_64 0.2.5.2 30.87 52.15 83.02 OK
r-release-windows-ix86+x86_64 0.2.5.2 75.00 130.00 205.00 OK
r-release-osx-x86_64 0.2.5.2 OK
r-oldrel-windows-ix86+x86_64 0.2.5.2 74.00 119.00 193.00 OK
r-oldrel-osx-x86_64 0.2.5.2 OK

Check Details

Version: 0.2.5.2
Check: compiled code
Result: NOTE
    File ‘nmfgpu4R/libs/nmfgpu4R.so’:
     Found no calls to: ‘R_registerRoutines’, ‘R_useDynamicSymbols’
    
    It is good practice to register native routines and to disable symbol
    search.
    
    See ‘Writing portable packages’ in the ‘Writing R Extensions’ manual.
Flavors: r-devel-linux-x86_64-fedora-clang, r-devel-linux-x86_64-fedora-gcc

Version: 0.2.5.2
Check: whether package can be installed
Result: WARN
    Found the following significant warnings:
     WrapperNMFGPU.cpp:96:12: warning: converting ‘false’ to pointer type for argument 1 of ‘std::__cxx11::basic_string<_CharT, _Traits, _Alloc>::basic_string(const _CharT*, const _Alloc&) [with _CharT = char; _Traits = std::char_traits<char>; _Alloc = std::allocator<char>]’ [-Wconversion-null]
Flavor: r-patched-solaris-x86