CRAN Package Check Results for Package nmslibR

Last updated on 2021-07-25 23:00:23 CEST.

Flavor Version Tinstall Tcheck Ttotal Status Flags
r-devel-linux-x86_64-debian-clang 1.0.5 39.87 68.67 108.54 OK
r-devel-linux-x86_64-debian-gcc 1.0.5 25.61 54.39 80.00 OK
r-devel-linux-x86_64-fedora-clang 1.0.5 144.19 OK
r-devel-windows-x86_64 1.0.5 46.00 100.00 146.00 OK
r-devel-windows-x86_64-gcc10-UCRT 1.0.5 OK
r-patched-linux-x86_64 1.0.5 30.01 67.22 97.23 OK
r-patched-solaris-x86 1.0.5 161.10 OK
r-release-linux-x86_64 1.0.5 29.97 66.25 96.22 OK
r-release-macos-arm64 1.0.5 OK
r-release-macos-x86_64 1.0.5 OK
r-release-windows-ix86+x86_64 1.0.5 90.00 127.00 217.00 NOTE
r-oldrel-macos-x86_64 1.0.5 OK
r-oldrel-windows-ix86+x86_64 1.0.5 65.00 137.00 202.00 NOTE

Check Details

Version: 1.0.5
Check: installed package size
Result: NOTE
     installed size is 5.3Mb
     sub-directories of 1Mb or more:
     libs 2.2Mb
Flavors: r-release-windows-ix86+x86_64, r-oldrel-windows-ix86+x86_64