CRAN Package Check Results for Package nnt

Last updated on 2022-01-24 22:56:34 CET.

Flavor Version Tinstall Tcheck Ttotal Status Flags
r-devel-linux-x86_64-debian-clang 0.1.4 7.67 69.40 77.07 NOTE
r-devel-linux-x86_64-debian-gcc 0.1.4 6.36 53.11 59.47 NOTE
r-devel-linux-x86_64-fedora-clang 0.1.4 94.64 NOTE
r-devel-linux-x86_64-fedora-gcc 0.1.4 86.17 NOTE
r-devel-windows-x86_64-new-UL 0.1.4 16.00 81.00 97.00 NOTE
r-devel-windows-x86_64-new-TK 0.1.4 NOTE
r-patched-linux-x86_64 0.1.4 5.95 67.61 73.56 NOTE
r-release-linux-x86_64 0.1.4 6.40 66.88 73.28 NOTE
r-release-macos-arm64 0.1.4 NOTE
r-release-macos-x86_64 0.1.4 NOTE
r-release-windows-ix86+x86_64 0.1.4 20.00 82.00 102.00 NOTE
r-oldrel-macos-x86_64 0.1.4 OK
r-oldrel-windows-ix86+x86_64 0.1.4 20.00 80.00 100.00 OK

Check Details

Version: 0.1.4
Check: LazyData
Result: NOTE
     'LazyData' is specified without a 'data' directory
Flavors: r-devel-linux-x86_64-debian-clang, r-devel-linux-x86_64-debian-gcc, r-devel-linux-x86_64-fedora-clang, r-devel-linux-x86_64-fedora-gcc, r-devel-windows-x86_64-new-UL, r-devel-windows-x86_64-new-TK, r-patched-linux-x86_64, r-release-linux-x86_64, r-release-macos-arm64, r-release-macos-x86_64, r-release-windows-ix86+x86_64