CRAN Package Check Results for Package nntrf

Last updated on 2022-09-30 22:53:40 CEST.

Flavor Version Tinstall Tcheck Ttotal Status Flags
r-devel-linux-x86_64-debian-clang 0.1.4 7.43 81.03 88.46 ERROR
r-devel-linux-x86_64-debian-gcc 0.1.4 5.63 63.41 69.04 OK
r-devel-linux-x86_64-fedora-clang 0.1.4 127.30 ERROR
r-devel-linux-x86_64-fedora-gcc 0.1.4 117.73 ERROR
r-devel-windows-x86_64 0.1.4 15.00 158.00 173.00 OK
r-patched-linux-x86_64 0.1.4 6.22 80.25 86.47 OK
r-release-linux-x86_64 0.1.4 7.01 78.86 85.87 OK
r-release-macos-arm64 0.1.4 38.00 OK
r-release-macos-x86_64 0.1.4 62.00 OK
r-release-windows-x86_64 0.1.4 14.00 119.00 133.00 OK
r-oldrel-macos-arm64 0.1.4 43.00 OK
r-oldrel-macos-x86_64 0.1.4 55.00 OK
r-oldrel-windows-ix86+x86_64 0.1.4 17.00 128.00 145.00 OK

Check Details

Version: 0.1.4
Check: package dependencies
Result: NOTE
    Package suggested but not available for checking: 'mlrCPO'
Flavors: r-devel-linux-x86_64-debian-clang, r-devel-linux-x86_64-fedora-clang, r-devel-linux-x86_64-fedora-gcc

Version: 0.1.4
Check: re-building of vignette outputs
Result: ERROR
    Error(s) in re-building vignettes:
     ...
    --- re-building 'nntrf.Rmd' using rmarkdown
    --- finished re-building 'nntrf.Rmd'
    
    --- re-building 'nntrf_regresion.Rmd' using rmarkdown
    Quitting from lines 21-25 (nntrf_regresion.Rmd)
    Error: processing vignette 'nntrf_regresion.Rmd' failed with diagnostics:
    there is no package called 'mlrCPO'
    --- failed re-building 'nntrf_regresion.Rmd'
    
    --- re-building 'nntrf_tuning.Rmd' using rmarkdown
    Quitting from lines 20-24 (nntrf_tuning.Rmd)
    Error: processing vignette 'nntrf_tuning.Rmd' failed with diagnostics:
    there is no package called 'mlrCPO'
    --- failed re-building 'nntrf_tuning.Rmd'
    
    SUMMARY: processing the following files failed:
     'nntrf_regresion.Rmd' 'nntrf_tuning.Rmd'
    
    Error: Vignette re-building failed.
    Execution halted
Flavor: r-devel-linux-x86_64-debian-clang

Version: 0.1.4
Check: re-building of vignette outputs
Result: ERROR
    Error(s) in re-building vignettes:
    --- re-building ‘nntrf.Rmd’ using rmarkdown
    --- finished re-building ‘nntrf.Rmd’
    
    --- re-building ‘nntrf_regresion.Rmd’ using rmarkdown
    Quitting from lines 21-25 (nntrf_regresion.Rmd)
    Error: processing vignette 'nntrf_regresion.Rmd' failed with diagnostics:
    there is no package called 'mlrCPO'
    --- failed re-building ‘nntrf_regresion.Rmd’
    
    --- re-building ‘nntrf_tuning.Rmd’ using rmarkdown
    Quitting from lines 20-24 (nntrf_tuning.Rmd)
    Error: processing vignette 'nntrf_tuning.Rmd' failed with diagnostics:
    there is no package called 'mlrCPO'
    --- failed re-building ‘nntrf_tuning.Rmd’
    
    SUMMARY: processing the following files failed:
     ‘nntrf_regresion.Rmd’ ‘nntrf_tuning.Rmd’
    
    Error: Vignette re-building failed.
    Execution halted
Flavors: r-devel-linux-x86_64-fedora-clang, r-devel-linux-x86_64-fedora-gcc