CRAN Package Check Results for Package noah

Last updated on 2021-12-04 22:59:41 CET.

Flavor Version Tinstall Tcheck Ttotal Status Flags
r-devel-linux-x86_64-debian-clang 0.1.0 3.47 51.04 54.51 NOTE
r-devel-linux-x86_64-debian-gcc 0.1.0 2.74 39.31 42.05 NOTE
r-devel-linux-x86_64-fedora-clang 0.1.0 66.76 NOTE
r-devel-linux-x86_64-fedora-gcc 0.1.0 54.50 NOTE
r-devel-windows-x86_64-new-UL 0.1.0 9.00 79.00 88.00 NOTE
r-devel-windows-x86_64-new-TK 0.1.0 NOTE
r-devel-windows-x86_64-old 0.1.0 6.00 46.00 52.00 NOTE
r-patched-linux-x86_64 0.1.0 2.77 41.32 44.09 NOTE
r-release-linux-x86_64 0.1.0 2.73 41.67 44.40 NOTE
r-release-macos-arm64 0.1.0 NOTE
r-release-macos-x86_64 0.1.0 NOTE
r-release-windows-ix86+x86_64 0.1.0 7.00 65.00 72.00 NOTE
r-oldrel-macos-x86_64 0.1.0 NOTE
r-oldrel-windows-ix86+x86_64 0.1.0 8.00 70.00 78.00 OK

Check Details

Version: 0.1.0
Check: LazyData
Result: NOTE
     'LazyData' is specified without a 'data' directory
Flavors: r-devel-linux-x86_64-debian-clang, r-devel-linux-x86_64-debian-gcc, r-devel-linux-x86_64-fedora-clang, r-devel-linux-x86_64-fedora-gcc, r-devel-windows-x86_64-new-UL, r-devel-windows-x86_64-new-TK, r-devel-windows-x86_64-old, r-patched-linux-x86_64, r-release-linux-x86_64, r-release-macos-arm64, r-release-macos-x86_64, r-release-windows-ix86+x86_64

Version: 0.1.0
Check: dependencies in R code
Result: NOTE
    Namespaces in Imports field not imported from:
     ‘R6’ ‘crayon’ ‘digest’ ‘hash’
     All declared Imports should be used.
Flavors: r-devel-linux-x86_64-fedora-clang, r-devel-linux-x86_64-fedora-gcc, r-devel-windows-x86_64-new-TK, r-release-macos-arm64, r-release-macos-x86_64, r-oldrel-macos-x86_64