CRAN Package Check Results for Package noisyCE2

Last updated on 2021-05-06 22:55:28 CEST.

Flavor Version Tinstall Tcheck Ttotal Status Flags
r-devel-linux-x86_64-debian-clang 1.1.0 1.99 24.23 26.22 NOTE
r-devel-linux-x86_64-debian-gcc 1.1.0 1.86 18.96 20.82 NOTE
r-devel-linux-x86_64-fedora-clang 1.1.0 42.52 NOTE
r-devel-linux-x86_64-fedora-gcc 1.1.0 32.08 NOTE
r-devel-windows-ix86+x86_64 1.1.0 4.00 40.00 44.00 NOTE
r-devel-windows-x86_64-gcc10-UCRT 1.1.0 NOTE
r-patched-linux-x86_64 1.1.0 2.12 23.84 25.96 NOTE
r-patched-solaris-x86 1.1.0 49.30 OK
r-release-linux-x86_64 1.1.0 2.17 23.64 25.81 OK
r-release-macos-x86_64 1.1.0 OK
r-release-windows-ix86+x86_64 1.1.0 7.00 31.00 38.00 OK
r-oldrel-macos-x86_64 1.1.0 OK
r-oldrel-windows-ix86+x86_64 1.1.0 4.00 36.00 40.00 OK

Check Details

Version: 1.1.0
Check: LazyData
Result: NOTE
     'LazyData' is specified without a 'data' directory
Flavors: r-devel-linux-x86_64-debian-clang, r-devel-linux-x86_64-debian-gcc, r-devel-linux-x86_64-fedora-clang, r-devel-linux-x86_64-fedora-gcc, r-devel-windows-ix86+x86_64, r-devel-windows-x86_64-gcc10-UCRT, r-patched-linux-x86_64