CRAN Package Check Results for Package nomnoml

Last updated on 2021-09-25 22:54:13 CEST.

Flavor Version Tinstall Tcheck Ttotal Status Flags
r-devel-linux-x86_64-debian-clang 0.2.3 2.49 29.49 31.98 NOTE
r-devel-linux-x86_64-debian-gcc 0.2.3 1.99 23.70 25.69 NOTE
r-devel-linux-x86_64-fedora-clang 0.2.3 47.83 NOTE
r-devel-linux-x86_64-fedora-gcc 0.2.3 38.76 NOTE
r-devel-windows-x86_64 0.2.3 3.00 39.00 42.00 NOTE
r-devel-windows-x86_64-gcc10-UCRT 0.2.3 NOTE
r-patched-linux-x86_64 0.2.3 2.50 28.57 31.07 NOTE
r-patched-solaris-x86 0.2.3 59.40 NOTE
r-release-linux-x86_64 0.2.3 2.50 28.99 31.49 NOTE
r-release-macos-arm64 0.2.3 NOTE
r-release-macos-x86_64 0.2.3 NOTE
r-release-windows-ix86+x86_64 0.2.3 6.00 37.00 43.00 NOTE
r-oldrel-macos-x86_64 0.2.3 OK
r-oldrel-windows-ix86+x86_64 0.2.3 4.00 37.00 41.00 OK

Check Details

Version: 0.2.3
Check: LazyData
Result: NOTE
     'LazyData' is specified without a 'data' directory
Flavors: r-devel-linux-x86_64-debian-clang, r-devel-linux-x86_64-debian-gcc, r-devel-linux-x86_64-fedora-clang, r-devel-linux-x86_64-fedora-gcc, r-devel-windows-x86_64, r-devel-windows-x86_64-gcc10-UCRT, r-patched-linux-x86_64, r-patched-solaris-x86, r-release-linux-x86_64, r-release-macos-arm64, r-release-macos-x86_64, r-release-windows-ix86+x86_64