CRAN Package Check Results for Package nonet

Last updated on 2019-09-16 22:49:27 CEST.

Flavor Version Tinstall Tcheck Ttotal Status Flags
r-devel-linux-x86_64-debian-clang 0.4.0 12.73 186.47 199.20 OK
r-devel-linux-x86_64-debian-gcc 0.4.0 10.21 147.14 157.35 OK
r-devel-linux-x86_64-fedora-clang 0.4.0 257.30 NOTE
r-devel-linux-x86_64-fedora-gcc 0.4.0 240.62 NOTE
r-devel-windows-ix86+x86_64 0.4.0 53.00 280.00 333.00 OK
r-patched-linux-x86_64 0.4.0 12.10 181.03 193.13 OK
r-patched-solaris-x86 0.4.0 401.70 NOTE
r-release-linux-x86_64 0.4.0 13.00 186.47 199.47 OK
r-release-windows-ix86+x86_64 0.4.0 29.00 274.00 303.00 OK
r-release-osx-x86_64 0.4.0 NOTE
r-oldrel-windows-ix86+x86_64 0.4.0 24.00 195.00 219.00 OK
r-oldrel-osx-x86_64 0.4.0 NOTE

Check Details

Version: 0.4.0
Check: dependencies in R code
Result: NOTE
    Namespaces in Imports field not imported from:
     ‘dplyr’ ‘e1071’ ‘pROC’ ‘purrr’ ‘randomForest’ ‘rlang’
     All declared Imports should be used.
Flavors: r-devel-linux-x86_64-fedora-clang, r-devel-linux-x86_64-fedora-gcc, r-patched-solaris-x86, r-release-osx-x86_64, r-oldrel-osx-x86_64