CRAN Package Check Results for Package nonlinearTseries

Last updated on 2021-07-25 23:00:23 CEST.

Flavor Version Tinstall Tcheck Ttotal Status Flags
r-devel-linux-x86_64-debian-clang 0.2.11 174.90 110.70 285.60 OK
r-devel-linux-x86_64-debian-gcc 0.2.11 97.39 83.60 180.99 OK
r-devel-linux-x86_64-fedora-clang 0.2.11 378.35 OK
r-devel-windows-x86_64 0.2.11 182.00 149.00 331.00 OK
r-devel-windows-x86_64-gcc10-UCRT 0.2.11 OK
r-patched-linux-x86_64 0.2.11 114.80 106.40 221.20 OK
r-patched-solaris-x86 0.2.11 342.80 OK
r-release-linux-x86_64 0.2.11 123.49 107.25 230.74 OK
r-release-macos-arm64 0.2.11 NOTE
r-release-macos-x86_64 0.2.11 OK
r-release-windows-ix86+x86_64 0.2.11 349.00 180.00 529.00 OK
r-oldrel-macos-x86_64 0.2.11 OK
r-oldrel-windows-ix86+x86_64 0.2.11 251.00 183.00 434.00 OK

Check Details

Version: 0.2.11
Check: installed package size
Result: NOTE
     installed size is 5.1Mb
     sub-directories of 1Mb or more:
     libs 4.4Mb
Flavor: r-release-macos-arm64