CRAN Package Check Results for Package nonlinearTseries

Last updated on 2021-11-29 22:59:18 CET.

Flavor Version Tinstall Tcheck Ttotal Status Flags
r-devel-linux-x86_64-debian-clang 0.2.11 147.07 108.67 255.74 OK
r-devel-linux-x86_64-debian-gcc 0.2.11 98.54 83.22 181.76 OK
r-devel-linux-x86_64-fedora-clang 0.2.11 390.09 OK
r-devel-linux-x86_64-fedora-gcc 0.2.11 326.28 OK
r-devel-windows-x86_64-new-UL 0.2.11 203.00 184.00 387.00 OK
r-devel-windows-x86_64-new-TK 0.2.11 OK
r-devel-windows-x86_64-old 0.2.11 189.00 106.00 295.00 OK
r-patched-linux-x86_64 0.2.11 122.40 107.17 229.57 OK
r-patched-solaris-x86 0.2.11 290.60 OK
r-release-linux-x86_64 0.2.11 118.89 106.29 225.18 OK
r-release-macos-arm64 0.2.11 NOTE
r-release-macos-x86_64 0.2.11 OK
r-release-windows-ix86+x86_64 0.2.11 353.00 188.00 541.00 OK
r-oldrel-macos-x86_64 0.2.11 OK
r-oldrel-windows-ix86+x86_64 0.2.11 256.00 183.00 439.00 OK

Check Details

Version: 0.2.11
Check: installed package size
Result: NOTE
     installed size is 5.1Mb
     sub-directories of 1Mb or more:
     libs 4.4Mb
Flavor: r-release-macos-arm64