CRAN Package Check Results for Package nonmem2R

Last updated on 2024-06-13 22:49:37 CEST.

Flavor Version Tinstall Tcheck Ttotal Status Flags
r-devel-linux-x86_64-debian-clang 0.2.5 12.40 172.39 184.79 OK
r-devel-linux-x86_64-debian-gcc 0.2.5 0.40 1.87 2.27 ERROR
r-devel-linux-x86_64-fedora-clang 0.2.5 224.65 OK
r-devel-linux-x86_64-fedora-gcc 0.2.5 224.32 OK
r-devel-windows-x86_64 0.2.5 11.00 130.00 141.00 OK
r-patched-linux-x86_64 0.2.5 14.01 157.87 171.88 OK
r-release-linux-x86_64 0.2.5 7.87 161.37 169.24 OK
r-release-macos-arm64 0.2.5 58.00 OK
r-release-macos-x86_64 0.2.5 93.00 OK
r-release-windows-x86_64 0.2.5 11.00 143.00 154.00 OK
r-oldrel-macos-arm64 0.2.5 72.00 OK
r-oldrel-macos-x86_64 0.2.5 200.00 OK
r-oldrel-windows-x86_64 0.2.5 14.00 229.00 243.00 OK

Check Details

Version: 0.2.5
Check: package dependencies
Result: ERROR Packages required but not available: 'ggplot2', 'reshape2' See section ‘The DESCRIPTION file’ in the ‘Writing R Extensions’ manual. Flavor: r-devel-linux-x86_64-debian-gcc