CRAN Package Check Results for Package nonparaeff

Last updated on 2020-02-24 22:50:30 CET.

Flavor Version Tinstall Tcheck Ttotal Status Flags
r-devel-linux-x86_64-debian-clang 0.5-8 14.23 102.80 117.03 NOTE
r-devel-linux-x86_64-debian-gcc 0.5-8 11.04 78.87 89.91 NOTE
r-devel-linux-x86_64-fedora-clang 0.5-8 145.08 NOTE
r-devel-linux-x86_64-fedora-gcc 0.5-8 139.84 NOTE
r-devel-windows-ix86+x86_64 0.5-8 31.00 120.00 151.00 NOTE
r-devel-windows-ix86+x86_64-gcc8 0.5-8 61.00 175.00 236.00 NOTE
r-patched-linux-x86_64 0.5-8 11.22 89.13 100.35 NOTE
r-patched-solaris-x86 0.5-8 187.60 NOTE
r-release-linux-x86_64 0.5-8 12.86 88.82 101.68 NOTE
r-release-windows-ix86+x86_64 0.5-8 26.00 113.00 139.00 NOTE
r-release-osx-x86_64 0.5-8 NOTE
r-oldrel-windows-ix86+x86_64 0.5-8 17.00 118.00 135.00 NOTE
r-oldrel-osx-x86_64 0.5-8 NOTE

Check Details

Version: 0.5-8
Check: package dependencies
Result: NOTE
    Depends: includes the non-default packages:
     'lpSolve', 'gdata', 'Hmisc', 'rms', 'geometry', 'psych', 'pwt'
    Adding so many packages to the search path is excessive and importing
    selectively is preferable.
Flavors: r-devel-linux-x86_64-debian-clang, r-devel-linux-x86_64-debian-gcc, r-devel-linux-x86_64-fedora-clang, r-devel-linux-x86_64-fedora-gcc, r-devel-windows-ix86+x86_64, r-devel-windows-ix86+x86_64-gcc8, r-patched-linux-x86_64, r-patched-solaris-x86, r-release-linux-x86_64, r-release-windows-ix86+x86_64, r-release-osx-x86_64

Version: 0.5-8
Check: dependencies in R code
Result: NOTE
    'library' or 'require' calls to packages already attached by Depends:
     'Hmisc' 'gdata' 'geometry' 'lpSolve' 'psych' 'rms'
     Please remove these calls from your code.
    Packages in Depends field not imported from:
     'Hmisc' 'gdata' 'geometry' 'lpSolve' 'psych' 'pwt' 'rms'
     These packages need to be imported from (in the NAMESPACE file)
     for when this namespace is loaded but not attached.
Flavors: r-devel-linux-x86_64-debian-clang, r-devel-linux-x86_64-debian-gcc, r-devel-linux-x86_64-fedora-clang, r-devel-linux-x86_64-fedora-gcc, r-devel-windows-ix86+x86_64, r-devel-windows-ix86+x86_64-gcc8, r-patched-linux-x86_64, r-patched-solaris-x86, r-release-linux-x86_64, r-release-windows-ix86+x86_64, r-release-osx-x86_64, r-oldrel-windows-ix86+x86_64, r-oldrel-osx-x86_64

Version: 0.5-8
Check: R code for possible problems
Result: NOTE
    additive: no visible global function definition for 'lp'
    ar.dual.dea: no visible global function definition for 'lp'
    cost.dea: no visible global function definition for 'lp'
    ddf: no visible global function definition for 'lp'
    dea: no visible global function definition for 'lp'
    direc.dea: no visible global function definition for 'lp'
    dual.dea: no visible global function definition for 'lp'
    effdea.b.f: no visible global function definition for 'convhulln'
    effdea.b.f: no visible global function definition for 'lp'
    faremalm2: no visible binding for global variable 'Lag'
    faremalm2: no visible global function definition for 'na.omit'
    int.dea: no visible global function definition for 'lp'
    lp2: no visible global function definition for 'lp'
    revenue.dea: no visible global function definition for 'lp'
    sbm.tone: no visible global function definition for 'lp'
    sbm.vrs: no visible global function definition for 'lp'
    Undefined global functions or variables:
     Lag convhulln lp na.omit
    Consider adding
     importFrom("stats", "na.omit")
    to your NAMESPACE file.
Flavors: r-devel-linux-x86_64-debian-clang, r-devel-linux-x86_64-debian-gcc, r-devel-linux-x86_64-fedora-clang, r-devel-linux-x86_64-fedora-gcc, r-devel-windows-ix86+x86_64, r-devel-windows-ix86+x86_64-gcc8, r-patched-linux-x86_64, r-patched-solaris-x86, r-release-linux-x86_64, r-release-windows-ix86+x86_64, r-release-osx-x86_64, r-oldrel-windows-ix86+x86_64, r-oldrel-osx-x86_64

Version: 0.5-8
Check: package dependencies
Result: NOTE
    Depends: includes the non-default packages:
     'lpSolve' 'gdata' 'Hmisc' 'rms' 'geometry' 'psych' 'pwt'
    Adding so many packages to the search path is excessive and importing
    selectively is preferable.
Flavors: r-oldrel-windows-ix86+x86_64, r-oldrel-osx-x86_64