Last updated on 2025-01-19 22:49:18 CET.
Flavor | Version | Tinstall | Tcheck | Ttotal | Status | Flags |
---|---|---|---|---|---|---|
r-devel-linux-x86_64-debian-clang | 0.1.1 | 39.86 | 90.31 | 130.17 | OK | |
r-devel-linux-x86_64-debian-gcc | 0.1.1 | 27.78 | 67.73 | 95.51 | OK | |
r-devel-linux-x86_64-fedora-clang | 0.1.1 | 216.17 | OK | |||
r-devel-linux-x86_64-fedora-gcc | 0.1.1 | 218.63 | OK | |||
r-devel-windows-x86_64 | 0.1.1 | 39.00 | 117.00 | 156.00 | OK | |
r-patched-linux-x86_64 | 0.1.1 | 39.59 | 85.42 | 125.01 | OK | |
r-release-linux-x86_64 | 0.1.1 | 39.40 | 85.55 | 124.95 | OK | |
r-release-macos-arm64 | 0.1.1 | 210.00 | NOTE | |||
r-release-macos-x86_64 | 0.1.1 | 239.00 | NOTE | |||
r-release-windows-x86_64 | 0.1.1 | 40.00 | 117.00 | 157.00 | OK | |
r-oldrel-macos-arm64 | 0.1.1 | 218.00 | NOTE | |||
r-oldrel-macos-x86_64 | 0.1.1 | 250.00 | NOTE | |||
r-oldrel-windows-x86_64 | 0.1.1 | 44.00 | 143.00 | 187.00 | OK |
Version: 0.1.1
Check: installed package size
Result: NOTE
installed size is 5.2Mb
sub-directories of 1Mb or more:
libs 3.2Mb
tinytest 1.6Mb
Flavors: r-release-macos-arm64, r-release-macos-x86_64, r-oldrel-macos-arm64, r-oldrel-macos-x86_64