CRAN Package Check Results for Package nos

Last updated on 2021-08-03 22:53:33 CEST.

Flavor Version Tinstall Tcheck Ttotal Status Flags
r-devel-linux-x86_64-debian-clang 1.1.0 4.90 60.76 65.66 OK
r-devel-linux-x86_64-debian-gcc 1.1.0 3.75 44.25 48.00 OK
r-devel-linux-x86_64-fedora-clang 1.1.0 82.90 NOTE
r-devel-linux-x86_64-fedora-gcc 1.1.0 72.60 OK
r-devel-windows-x86_64 1.1.0 6.00 80.00 86.00 OK
r-devel-windows-x86_64-gcc10-UCRT 1.1.0 OK
r-patched-linux-x86_64 1.1.0 4.33 56.93 61.26 OK
r-patched-solaris-x86 1.1.0 104.20 OK
r-release-linux-x86_64 1.1.0 4.05 56.71 60.76 OK
r-release-macos-arm64 1.1.0 OK
r-release-macos-x86_64 1.1.0 OK
r-release-windows-ix86+x86_64 1.1.0 12.00 57.00 69.00 OK
r-oldrel-macos-x86_64 1.1.0 OK
r-oldrel-windows-ix86+x86_64 1.1.0 11.00 82.00 93.00 OK

Check Details

Version: 1.1.0
Check: Rd cross-references
Result: NOTE
    Undeclared package ‘bipartite’ in Rd xrefs
Flavor: r-devel-linux-x86_64-fedora-clang