CRAN Package Check Results for Package notifyme

Last updated on 2021-12-06 21:51:21 CET.

Flavor Version Tinstall Tcheck Ttotal Status Flags
r-devel-linux-x86_64-debian-clang 0.3.0 1.93 28.78 30.71 NOTE
r-devel-linux-x86_64-debian-gcc 0.3.0 1.80 23.23 25.03 NOTE
r-devel-linux-x86_64-fedora-clang 0.3.0 38.97 NOTE
r-devel-linux-x86_64-fedora-gcc 0.3.0 28.32 NOTE
r-devel-windows-x86_64-new-UL 0.3.0 6.00 54.00 60.00 NOTE
r-devel-windows-x86_64-new-TK 0.3.0 NOTE
r-devel-windows-x86_64-old 0.3.0 5.00 27.00 32.00 NOTE
r-patched-linux-x86_64 0.3.0 2.14 19.85 21.99 NOTE
r-release-linux-x86_64 0.3.0 2.02 28.39 30.41 NOTE
r-release-macos-arm64 0.3.0 NOTE
r-release-macos-x86_64 0.3.0 NOTE
r-release-windows-ix86+x86_64 0.3.0 5.00 38.00 43.00 NOTE
r-oldrel-macos-x86_64 0.3.0 OK
r-oldrel-windows-ix86+x86_64 0.3.0 6.00 36.00 42.00 OK

Check Details

Version: 0.3.0
Check: LazyData
Result: NOTE
     'LazyData' is specified without a 'data' directory
Flavors: r-devel-linux-x86_64-debian-clang, r-devel-linux-x86_64-debian-gcc, r-devel-linux-x86_64-fedora-clang, r-devel-linux-x86_64-fedora-gcc, r-devel-windows-x86_64-new-UL, r-devel-windows-x86_64-new-TK, r-devel-windows-x86_64-old, r-patched-linux-x86_64, r-release-linux-x86_64, r-release-macos-arm64, r-release-macos-x86_64, r-release-windows-ix86+x86_64