CRAN Package Check Results for Package notifyme

Last updated on 2024-02-25 23:02:14 CET.

Flavor Version Tinstall Tcheck Ttotal Status Flags
r-devel-linux-x86_64-debian-clang 0.3.0 2.21 22.26 24.47 NOTE
r-devel-linux-x86_64-debian-gcc 0.3.0 1.86 17.32 19.18 NOTE
r-devel-linux-x86_64-fedora-clang 0.3.0 30.47 NOTE
r-devel-linux-x86_64-fedora-gcc 0.3.0 28.63 NOTE
r-devel-windows-x86_64 0.3.0 3.00 41.00 44.00 NOTE
r-patched-linux-x86_64 0.3.0 2.31 22.06 24.37 NOTE
r-release-linux-x86_64 0.3.0 2.01 21.85 23.86 NOTE
r-release-macos-arm64 0.3.0 19.00 NOTE
r-release-macos-x86_64 0.3.0 19.00 NOTE
r-release-windows-x86_64 0.3.0 4.00 40.00 44.00 NOTE
r-oldrel-macos-arm64 0.3.0 14.00 NOTE
r-oldrel-windows-x86_64 0.3.0 4.00 43.00 47.00 NOTE

Check Details

Version: 0.3.0
Check: LazyData
Result: NOTE 'LazyData' is specified without a 'data' directory Flavors: r-devel-linux-x86_64-debian-clang, r-devel-linux-x86_64-debian-gcc, r-devel-linux-x86_64-fedora-clang, r-devel-linux-x86_64-fedora-gcc, r-devel-windows-x86_64, r-patched-linux-x86_64, r-release-linux-x86_64, r-release-macos-arm64, r-release-macos-x86_64, r-release-windows-x86_64, r-oldrel-macos-arm64, r-oldrel-windows-x86_64