CRAN Package Check Results for Package nproc

Last updated on 2021-05-17 22:56:32 CEST.

Flavor Version Tinstall Tcheck Ttotal Status Flags
r-devel-linux-x86_64-debian-clang 2.1.5 8.95 118.52 127.47 NOTE
r-devel-linux-x86_64-debian-gcc 2.1.5 6.47 81.04 87.51 NOTE
r-devel-linux-x86_64-fedora-clang 2.1.5 160.10 NOTE
r-devel-linux-x86_64-fedora-gcc 2.1.5 151.71 NOTE
r-devel-windows-ix86+x86_64 2.1.5 19.00 127.00 146.00 NOTE
r-devel-windows-x86_64-gcc10-UCRT 2.1.5 NOTE
r-patched-linux-x86_64 2.1.5 8.07 116.60 124.67 NOTE
r-patched-solaris-x86 2.1.5 223.40 NOTE
r-release-linux-x86_64 2.1.5 7.50 114.13 121.63 OK
r-release-macos-x86_64 2.1.5 OK
r-release-windows-ix86+x86_64 2.1.5 16.00 124.00 140.00 OK
r-oldrel-macos-x86_64 2.1.5 OK
r-oldrel-windows-ix86+x86_64 2.1.5 11.00 162.00 173.00 OK

Check Details

Version: 2.1.5
Check: LazyData
Result: NOTE
     'LazyData' is specified without a 'data' directory
Flavors: r-devel-linux-x86_64-debian-clang, r-devel-linux-x86_64-debian-gcc, r-devel-linux-x86_64-fedora-clang, r-devel-linux-x86_64-fedora-gcc, r-devel-windows-ix86+x86_64, r-devel-windows-x86_64-gcc10-UCRT, r-patched-linux-x86_64, r-patched-solaris-x86