CRAN Package Check Results for Package npsr

Last updated on 2021-07-31 22:53:41 CEST.

Flavor Version Tinstall Tcheck Ttotal Status Flags
r-devel-linux-x86_64-debian-clang 0.1.1 2.99 32.38 35.37 NOTE
r-devel-linux-x86_64-debian-gcc 0.1.1 2.17 24.92 27.09 NOTE
r-devel-linux-x86_64-fedora-clang 0.1.1 50.12 NOTE
r-devel-linux-x86_64-fedora-gcc 0.1.1 40.53 NOTE
r-devel-windows-x86_64 0.1.1 4.00 51.00 55.00 NOTE
r-devel-windows-x86_64-gcc10-UCRT 0.1.1 NOTE
r-patched-linux-x86_64 0.1.1 NOTE
r-patched-solaris-x86 0.1.1 63.70 NOTE
r-release-linux-x86_64 0.1.1 2.50 31.24 33.74 NOTE
r-release-macos-arm64 0.1.1 NOTE
r-release-macos-x86_64 0.1.1 NOTE
r-release-windows-ix86+x86_64 0.1.1 7.00 36.00 43.00 NOTE
r-oldrel-macos-x86_64 0.1.1 OK
r-oldrel-windows-ix86+x86_64 0.1.1 6.00 51.00 57.00 OK

Check Details

Version: 0.1.1
Check: LazyData
Result: NOTE
     'LazyData' is specified without a 'data' directory
Flavors: r-devel-linux-x86_64-debian-clang, r-devel-linux-x86_64-debian-gcc, r-devel-linux-x86_64-fedora-clang, r-devel-linux-x86_64-fedora-gcc, r-devel-windows-x86_64, r-devel-windows-x86_64-gcc10-UCRT, r-patched-linux-x86_64, r-patched-solaris-x86, r-release-linux-x86_64, r-release-macos-arm64, r-release-macos-x86_64, r-release-windows-ix86+x86_64