Last updated on 2024-04-19 22:55:55 CEST.
Flavor | Version | Tinstall | Tcheck | Ttotal | Status | Flags |
---|---|---|---|---|---|---|
r-devel-linux-x86_64-debian-clang | 0.7-16 | 33.57 | 196.74 | 230.31 | OK | |
r-devel-linux-x86_64-debian-gcc | 0.7-16 | OK | ||||
r-devel-linux-x86_64-fedora-clang | 0.7-16 | 270.52 | NOTE | |||
r-devel-linux-x86_64-fedora-gcc | 0.7-16 | 268.43 | OK | |||
r-prerel-macos-arm64 | 0.7-16 | 81.00 | OK | |||
r-prerel-windows-x86_64 | 0.7-16 | 39.00 | 205.00 | 244.00 | OK | |
r-patched-linux-x86_64 | 0.7-16 | 26.72 | 178.65 | 205.37 | OK | |
r-release-linux-x86_64 | 0.7-16 | 25.57 | 185.20 | 210.77 | OK | |
r-release-macos-arm64 | 0.7-16 | 100.00 | OK | |||
r-release-macos-x86_64 | 0.7-16 | 329.00 | OK | |||
r-release-windows-x86_64 | 0.7-16 | 45.00 | 207.00 | 252.00 | OK | |
r-oldrel-macos-arm64 | 0.7-16 | 95.00 | OK | |||
r-oldrel-windows-x86_64 | 0.7-16 | 43.00 | 252.00 | 295.00 | OK |
Version: 0.7-16
Check: installed package size
Result: NOTE
installed size is 5.0Mb
sub-directories of 1Mb or more:
doc 1.7Mb
libs 2.0Mb
Flavor: r-devel-linux-x86_64-fedora-clang