CRAN Package Check Results for Package nucim

Last updated on 2024-06-13 22:49:37 CEST.

Flavor Version Tinstall Tcheck Ttotal Status Flags
r-devel-linux-x86_64-debian-clang 1.0.11 10.11 101.53 111.64 NOTE
r-devel-linux-x86_64-debian-gcc 1.0.11 0.40 1.95 2.35 ERROR
r-devel-linux-x86_64-fedora-clang 1.0.11 153.28 NOTE
r-devel-linux-x86_64-fedora-gcc 1.0.11 145.39 NOTE
r-devel-windows-x86_64 1.0.11 10.00 87.00 97.00 NOTE
r-patched-linux-x86_64 1.0.11 10.00 94.76 104.76 NOTE
r-release-linux-x86_64 1.0.11 7.33 95.38 102.71 NOTE
r-release-macos-arm64 1.0.11 45.00 NOTE
r-release-macos-x86_64 1.0.11 72.00 NOTE
r-release-windows-x86_64 1.0.11 11.00 89.00 100.00 NOTE
r-oldrel-macos-arm64 1.0.11 71.00 NOTE
r-oldrel-macos-x86_64 1.0.11 87.00 NOTE
r-oldrel-windows-x86_64 1.0.11 13.00 103.00 116.00 NOTE

Check Details

Version: 1.0.11
Check: package subdirectories
Result: NOTE Problems with news in ‘NEWS.md’: No news entries found. Flavors: r-devel-linux-x86_64-debian-clang, r-devel-linux-x86_64-fedora-clang, r-devel-linux-x86_64-fedora-gcc, r-devel-windows-x86_64, r-patched-linux-x86_64, r-release-linux-x86_64, r-release-macos-arm64, r-release-macos-x86_64, r-release-windows-x86_64, r-oldrel-macos-arm64, r-oldrel-macos-x86_64, r-oldrel-windows-x86_64

Version: 1.0.11
Check: package dependencies
Result: ERROR Package required but not available: ‘stringr’ See section ‘The DESCRIPTION file’ in the ‘Writing R Extensions’ manual. Flavor: r-devel-linux-x86_64-debian-gcc