CRAN Package Check Results for Package nucim

Last updated on 2023-09-28 23:08:52 CEST.

Flavor Version Tinstall Tcheck Ttotal Status Flags
r-devel-linux-x86_64-debian-clang 1.0.11 11.04 94.77 105.81 NOTE
r-devel-linux-x86_64-debian-gcc 1.0.11 8.35 70.90 79.25 NOTE
r-devel-linux-x86_64-fedora-clang 1.0.11 127.48 NOTE
r-devel-linux-x86_64-fedora-gcc 1.0.11 138.37 NOTE
r-devel-windows-x86_64 1.0.11 11.00 86.00 97.00 NOTE
r-patched-linux-x86_64 1.0.11 10.16 91.50 101.66 NOTE
r-release-linux-x86_64 1.0.11 6.73 90.69 97.42 NOTE
r-release-macos-arm64 1.0.11 71.00 NOTE
r-release-macos-x86_64 1.0.11 87.00 NOTE
r-release-windows-x86_64 1.0.11 14.00 103.00 117.00 NOTE
r-oldrel-macos-arm64 1.0.11 44.00 OK
r-oldrel-macos-x86_64 1.0.11 72.00 OK
r-oldrel-windows-x86_64 1.0.11 16.00 100.00 116.00 OK

Check Details

Version: 1.0.11
Check: package subdirectories
Result: NOTE
    Problems with news in ‘NEWS.md’:
    No news entries found.
Flavors: r-devel-linux-x86_64-debian-clang, r-devel-linux-x86_64-debian-gcc, r-devel-linux-x86_64-fedora-clang, r-devel-linux-x86_64-fedora-gcc, r-devel-windows-x86_64, r-patched-linux-x86_64, r-release-linux-x86_64, r-release-macos-arm64, r-release-macos-x86_64, r-release-windows-x86_64