CRAN Package Check Results for Package nullabor

Last updated on 2021-07-23 22:53:15 CEST.

Flavor Version Tinstall Tcheck Ttotal Status Flags
r-devel-linux-x86_64-debian-clang 0.3.9 9.97 326.37 336.34 OK
r-devel-linux-x86_64-debian-gcc 0.3.9 8.67 242.12 250.79 OK
r-devel-linux-x86_64-fedora-clang 0.3.9 390.94 NOTE
r-devel-linux-x86_64-fedora-gcc 0.3.9 392.05 NOTE
r-devel-windows-x86_64 0.3.9 11.00 298.00 309.00 OK
r-devel-windows-x86_64-gcc10-UCRT 0.3.9 NOTE
r-patched-linux-x86_64 0.3.9 10.62 307.92 318.54 OK
r-patched-solaris-x86 0.3.9 495.40 NOTE
r-release-linux-x86_64 0.3.9 9.37 304.22 313.59 OK
r-release-macos-arm64 0.3.9 NOTE
r-release-macos-x86_64 0.3.9 NOTE
r-release-windows-ix86+x86_64 0.3.9 23.00 272.00 295.00 OK
r-oldrel-macos-x86_64 0.3.9 NOTE
r-oldrel-windows-ix86+x86_64 0.3.9 26.00 363.00 389.00 OK

Check Details

Version: 0.3.9
Check: dependencies in R code
Result: NOTE
    Namespaces in Imports field not imported from:
     ‘forecast’ ‘rlang’ ‘tsibble’ ‘viridis’
     All declared Imports should be used.
Flavors: r-devel-linux-x86_64-fedora-clang, r-devel-linux-x86_64-fedora-gcc, r-devel-windows-x86_64-gcc10-UCRT, r-patched-solaris-x86, r-release-macos-arm64, r-release-macos-x86_64, r-oldrel-macos-x86_64