CRAN Package Check Results for Package nullabor

Last updated on 2023-09-26 23:04:20 CEST.

Flavor Version Tinstall Tcheck Ttotal Status Flags
r-devel-linux-x86_64-debian-clang 0.3.9 11.70 135.96 147.66 OK
r-devel-linux-x86_64-debian-gcc 0.3.9 9.77 98.75 108.52 OK
r-devel-linux-x86_64-fedora-clang 0.3.9 176.49 NOTE
r-devel-linux-x86_64-fedora-gcc 0.3.9 455.85 NOTE
r-devel-windows-x86_64 0.3.9 12.00 114.00 126.00 OK
r-patched-linux-x86_64 0.3.9 7.89 127.75 135.64 OK
r-release-linux-x86_64 0.3.9 7.87 127.92 135.79 OK
r-release-macos-arm64 0.3.9 135.00 OK
r-release-macos-x86_64 0.3.9 222.00 OK
r-release-windows-x86_64 0.3.9 15.00 140.00 155.00 OK
r-oldrel-macos-arm64 0.3.9 106.00 NOTE
r-oldrel-macos-x86_64 0.3.9 275.00 NOTE
r-oldrel-windows-x86_64 0.3.9 15.00 134.00 149.00 OK

Check Details

Version: 0.3.9
Check: dependencies in R code
Result: NOTE
    Namespaces in Imports field not imported from:
     ‘forecast’ ‘rlang’ ‘tsibble’ ‘viridis’
     All declared Imports should be used.
Flavors: r-devel-linux-x86_64-fedora-clang, r-devel-linux-x86_64-fedora-gcc, r-oldrel-macos-arm64, r-oldrel-macos-x86_64