Last updated on 2024-04-18 22:52:50 CEST.
Flavor | Version | Tinstall | Tcheck | Ttotal | Status | Flags |
---|---|---|---|---|---|---|
r-devel-linux-x86_64-debian-clang | 2.8 | 36.85 | 101.76 | 138.61 | OK | |
r-devel-linux-x86_64-debian-gcc | 2.8 | 26.82 | 69.11 | 95.93 | OK | |
r-devel-linux-x86_64-fedora-clang | 2.8 | 168.47 | NOTE | |||
r-devel-linux-x86_64-fedora-gcc | 2.8 | 155.96 | OK | |||
r-prerel-macos-arm64 | 2.8 | 45.00 | OK | |||
r-prerel-windows-x86_64 | 2.8 | 36.00 | 94.00 | 130.00 | OK | |
r-patched-linux-x86_64 | 2.8 | 30.10 | 91.66 | 121.76 | OK | |
r-release-linux-x86_64 | 2.8 | 30.03 | 94.03 | 124.06 | OK | |
r-release-macos-arm64 | 2.8 | 49.00 | OK | |||
r-release-macos-x86_64 | 2.8 | 117.00 | OK | |||
r-release-windows-x86_64 | 2.8 | 38.00 | 109.00 | 147.00 | OK | |
r-oldrel-macos-arm64 | 2.8 | 55.00 | OK | |||
r-oldrel-windows-x86_64 | 2.8 | 45.00 | 112.00 | 157.00 | OK |
Version: 2.8
Check: installed package size
Result: NOTE
installed size is 10.8Mb
sub-directories of 1Mb or more:
libs 10.0Mb
Flavor: r-devel-linux-x86_64-fedora-clang