CRAN Package Check Results for Package o2plsda

Last updated on 2023-09-29 21:54:00 CEST.

Flavor Version Tinstall Tcheck Ttotal Status Flags
r-devel-linux-x86_64-debian-clang 0.0.18 51.39 77.98 129.37 NOTE
r-devel-linux-x86_64-debian-gcc 0.0.18 38.44 57.92 96.36 NOTE
r-devel-linux-x86_64-fedora-clang 0.0.18 176.87 NOTE
r-devel-linux-x86_64-fedora-gcc 0.0.18 183.50 NOTE
r-devel-windows-x86_64 0.0.18 40.00 102.00 142.00 NOTE
r-patched-linux-x86_64 0.0.18 35.71 72.63 108.34 NOTE
r-release-linux-x86_64 0.0.18 38.00 73.50 111.50 NOTE
r-release-macos-arm64 0.0.18 53.00 NOTE
r-release-macos-x86_64 0.0.18 94.00 NOTE
r-release-windows-x86_64 0.0.18 57.00 120.00 177.00 NOTE
r-oldrel-macos-arm64 0.0.18 47.00 OK
r-oldrel-macos-x86_64 0.0.18 68.00 OK
r-oldrel-windows-x86_64 0.0.18 52.00 111.00 163.00 OK

Check Details

Version: 0.0.18
Check: C++ specification
Result: NOTE
     Specified C++11: please drop specification unless essential
Flavors: r-devel-linux-x86_64-debian-clang, r-devel-linux-x86_64-debian-gcc, r-devel-linux-x86_64-fedora-clang, r-devel-linux-x86_64-fedora-gcc, r-devel-windows-x86_64, r-patched-linux-x86_64, r-release-linux-x86_64, r-release-macos-arm64, r-release-macos-x86_64, r-release-windows-x86_64