CRAN Package Check Results for Package observer

Last updated on 2021-12-01 22:53:18 CET.

Flavor Version Tinstall Tcheck Ttotal Status Flags
r-devel-linux-x86_64-debian-clang 0.1.2 4.16 48.52 52.68 NOTE
r-devel-linux-x86_64-debian-gcc 0.1.2 2.47 37.00 39.47 NOTE
r-devel-linux-x86_64-fedora-clang 0.1.2 74.87 NOTE
r-devel-linux-x86_64-fedora-gcc 0.1.2 62.09 NOTE
r-devel-windows-x86_64-new-UL 0.1.2 12.00 89.00 101.00 NOTE
r-devel-windows-x86_64-new-TK 0.1.2 NOTE
r-devel-windows-x86_64-old 0.1.2 8.00 56.00 64.00 NOTE
r-patched-linux-x86_64 0.1.2 4.50 42.59 47.09 NOTE
r-patched-solaris-x86 0.1.2 87.70 NOTE
r-release-linux-x86_64 0.1.2 4.11 43.00 47.11 NOTE
r-release-macos-arm64 0.1.2 NOTE
r-release-macos-x86_64 0.1.2 NOTE
r-release-windows-ix86+x86_64 0.1.2 12.00 65.00 77.00 NOTE
r-oldrel-macos-x86_64 0.1.2 OK
r-oldrel-windows-ix86+x86_64 0.1.2 12.00 67.00 79.00 OK

Check Details

Version: 0.1.2
Check: LazyData
Result: NOTE
     'LazyData' is specified without a 'data' directory
Flavors: r-devel-linux-x86_64-debian-clang, r-devel-linux-x86_64-debian-gcc, r-devel-linux-x86_64-fedora-clang, r-devel-linux-x86_64-fedora-gcc, r-devel-windows-x86_64-new-UL, r-devel-windows-x86_64-new-TK, r-devel-windows-x86_64-old, r-patched-linux-x86_64, r-patched-solaris-x86, r-release-linux-x86_64, r-release-macos-arm64, r-release-macos-x86_64, r-release-windows-ix86+x86_64

Version: 0.1.2
Check: Rd cross-references
Result: NOTE
    Undeclared packages ‘ensurer’, ‘validate’ in Rd xrefs
Flavor: r-devel-linux-x86_64-fedora-clang