CRAN Package Check Results for Package occCite

Last updated on 2021-07-29 22:56:11 CEST.

Flavor Version Tinstall Tcheck Ttotal Status Flags
r-devel-linux-x86_64-debian-clang 0.4.9 OK
r-devel-linux-x86_64-debian-gcc 0.4.9 7.88 145.93 153.81 OK
r-devel-linux-x86_64-fedora-clang 0.4.9 256.08 NOTE
r-devel-linux-x86_64-fedora-gcc 0.4.9 236.08 NOTE
r-devel-windows-x86_64 0.4.9 27.00 357.00 384.00 OK
r-devel-windows-x86_64-gcc10-UCRT 0.4.8 NOTE
r-patched-linux-x86_64 0.4.9 14.96 186.42 201.38 OK
r-patched-solaris-x86 0.4.9 300.10 NOTE
r-release-linux-x86_64 0.4.9 10.60 188.31 198.91 OK
r-release-macos-arm64 0.4.9 NOTE
r-release-macos-x86_64 0.4.9 NOTE
r-release-windows-ix86+x86_64 0.4.9 24.00 369.00 393.00 OK
r-oldrel-macos-x86_64 0.4.9 NOTE
r-oldrel-windows-ix86+x86_64 0.4.9 3.00 7.00 10.00 ERROR

Check Details

Version: 0.4.9
Check: data for non-ASCII characters
Result: NOTE
     Note: found 6 marked UTF-8 strings
Flavors: r-devel-linux-x86_64-fedora-clang, r-devel-linux-x86_64-fedora-gcc, r-patched-solaris-x86, r-release-macos-arm64, r-release-macos-x86_64, r-oldrel-macos-x86_64

Version: 0.4.8
Check: dependencies in R code
Result: NOTE
    Namespace in Imports field not imported from: 'bit64'
     All declared Imports should be used.
Flavor: r-devel-windows-x86_64-gcc10-UCRT

Version: 0.4.8
Check: data for non-ASCII characters
Result: NOTE
     Note: found 6 marked Latin-1 strings
Flavor: r-devel-windows-x86_64-gcc10-UCRT

Version: 0.4.9
Check: whether package can be installed
Result: ERROR
    Installation failed.
Flavor: r-oldrel-windows-ix86+x86_64