Last updated on 2023-09-20 21:52:56 CEST.
Flavor | Version | Tinstall | Tcheck | Ttotal | Status | Flags |
---|---|---|---|---|---|---|
r-devel-linux-x86_64-debian-clang | 0.5.6 | 13.65 | 164.11 | 177.76 | OK | |
r-devel-linux-x86_64-debian-gcc | 0.5.6 | 10.33 | 120.80 | 131.13 | OK | |
r-devel-linux-x86_64-fedora-clang | 0.5.6 | 211.66 | NOTE | |||
r-devel-linux-x86_64-fedora-gcc | 0.5.6 | 230.97 | NOTE | |||
r-devel-windows-x86_64 | 0.5.6 | 14.00 | 205.00 | 219.00 | OK | |
r-patched-linux-x86_64 | 0.5.6 | 20.26 | 161.36 | 181.62 | OK | |
r-release-linux-x86_64 | 0.5.6 | 10.59 | 161.79 | 172.38 | OK | |
r-release-macos-arm64 | 0.5.6 | 505.00 | OK | |||
r-release-macos-x86_64 | 0.5.6 | 507.00 | OK | |||
r-release-windows-x86_64 | 0.5.6 | 17.00 | 251.00 | 268.00 | OK | |
r-oldrel-macos-arm64 | 0.5.6 | 463.00 | NOTE | |||
r-oldrel-macos-x86_64 | 0.5.6 | 498.00 | NOTE | |||
r-oldrel-windows-x86_64 | 0.5.6 | 19.00 | 226.00 | 245.00 | OK |
Version: 0.5.6
Check: dependencies in R code
Result: NOTE
Namespace in Imports field not imported from: ‘httr’
All declared Imports should be used.
Flavors: r-devel-linux-x86_64-fedora-clang, r-devel-linux-x86_64-fedora-gcc, r-oldrel-macos-arm64, r-oldrel-macos-x86_64
Version: 0.5.6
Check: data for non-ASCII characters
Result: NOTE
Note: found 7 marked UTF-8 strings
Flavors: r-devel-linux-x86_64-fedora-clang, r-devel-linux-x86_64-fedora-gcc, r-oldrel-macos-arm64, r-oldrel-macos-x86_64