Last updated on 2022-07-05 22:50:28 CEST.
Flavor | Version | Tinstall | Tcheck | Ttotal | Status | Flags |
---|---|---|---|---|---|---|
r-devel-linux-x86_64-debian-clang | 1.3.3 | 90.75 | 60.75 | 151.50 | OK | |
r-devel-linux-x86_64-debian-gcc | 1.3.3 | 66.89 | 45.61 | 112.50 | OK | |
r-devel-linux-x86_64-fedora-clang | 1.3.3 | 218.39 | NOTE | |||
r-devel-linux-x86_64-fedora-gcc | 1.3.3 | 209.08 | OK | |||
r-devel-windows-x86_64 | 1.3.3 | 101.00 | 114.00 | 215.00 | OK | |
r-patched-linux-x86_64 | 1.3.3 | 85.75 | 58.09 | 143.84 | OK | |
r-release-linux-x86_64 | 1.3.3 | 69.36 | 58.08 | 127.44 | OK | |
r-release-macos-arm64 | 1.3.3 | 58.00 | NOTE | |||
r-release-macos-x86_64 | 1.3.3 | 75.00 | NOTE | |||
r-release-windows-x86_64 | 1.3.3 | 104.00 | 109.00 | 213.00 | OK | |
r-oldrel-macos-arm64 | 1.3.3 | 303.00 | NOTE | |||
r-oldrel-macos-x86_64 | 1.3.3 | 76.00 | NOTE | |||
r-oldrel-windows-ix86+x86_64 | 1.3.3 | 228.00 | 113.00 | 341.00 | OK |
Version: 1.3.3
Check: installed package size
Result: NOTE
installed size is 5.1Mb
sub-directories of 1Mb or more:
libs 4.6Mb
Flavors: r-devel-linux-x86_64-fedora-clang, r-release-macos-arm64, r-release-macos-x86_64, r-oldrel-macos-arm64, r-oldrel-macos-x86_64