Last updated on 2024-04-23 22:55:30 CEST.
Flavor | Version | Tinstall | Tcheck | Ttotal | Status | Flags |
---|---|---|---|---|---|---|
r-devel-linux-x86_64-debian-clang | 1.4.2 | 109.92 | 76.82 | 186.74 | OK | |
r-devel-linux-x86_64-debian-gcc | 1.4.2 | 85.31 | 58.92 | 144.23 | OK | |
r-devel-linux-x86_64-fedora-clang | 1.4.2 | 270.23 | WARN | |||
r-devel-linux-x86_64-fedora-gcc | 1.4.2 | 276.22 | OK | |||
r-prerel-macos-arm64 | 1.4.2 | 72.00 | NOTE | |||
r-prerel-macos-x86_64 | 1.4.2 | 102.00 | NOTE | |||
r-prerel-windows-x86_64 | 1.4.2 | 115.00 | 112.00 | 227.00 | OK | |
r-patched-linux-x86_64 | 1.4.2 | 118.67 | 73.19 | 191.86 | OK | |
r-release-linux-x86_64 | 1.4.2 | 107.40 | 72.14 | 179.54 | OK | |
r-release-macos-arm64 | 1.4.2 | 72.00 | NOTE | |||
r-release-macos-x86_64 | 1.4.2 | 142.00 | NOTE | |||
r-release-windows-x86_64 | 1.4.2 | 137.00 | 126.00 | 263.00 | OK | |
r-oldrel-macos-arm64 | 1.4.2 | 68.00 | NOTE | |||
r-oldrel-windows-x86_64 | 1.4.2 | 118.00 | 118.00 | 236.00 | OK |
Version: 1.4.2
Check: whether package can be installed
Result: WARN
Found the following significant warnings:
/usr/local/clang18/bin/../include/c++/v1/locale:3257:1: warning: 'wstring_convert<std::codecvt_utf8_utf16<char16_t>, char16_t>' is deprecated [-Wdeprecated-declarations]
See ‘/data/gannet/ripley/R/packages/tests-clang/odbc.Rcheck/00install.out’ for details.
* used C++ compiler: ‘clang version 18.1.2’
Flavor: r-devel-linux-x86_64-fedora-clang
Version: 1.4.2
Check: installed package size
Result: NOTE
installed size is 10.8Mb
sub-directories of 1Mb or more:
libs 10.0Mb
Flavors: r-prerel-macos-arm64, r-prerel-macos-x86_64, r-release-macos-arm64, r-release-macos-x86_64, r-oldrel-macos-arm64