Last updated on 2024-03-28 23:01:51 CET.
Flavor | Version | Tinstall | Tcheck | Ttotal | Status | Flags |
---|---|---|---|---|---|---|
r-devel-linux-x86_64-debian-clang | 0.0.4 | 27.79 | 39.70 | 67.49 | NOTE | |
r-devel-linux-x86_64-debian-gcc | 0.0.4 | 20.70 | 30.83 | 51.53 | NOTE | |
r-devel-linux-x86_64-fedora-clang | 0.0.4 | 93.17 | NOTE | |||
r-devel-linux-x86_64-fedora-gcc | 0.0.4 | 101.75 | NOTE | |||
r-devel-windows-x86_64 | 0.0.4 | 21.00 | 71.00 | 92.00 | NOTE | |
r-patched-linux-x86_64 | 0.0.4 | 27.13 | 39.59 | 66.72 | NOTE | |
r-release-linux-x86_64 | 0.0.4 | 25.16 | 36.88 | 62.04 | NOTE | |
r-release-macos-arm64 | 0.0.4 | 36.00 | NOTE | |||
r-release-macos-x86_64 | 0.0.4 | 52.00 | NOTE | |||
r-release-windows-x86_64 | 0.0.4 | 21.00 | 79.00 | 100.00 | NOTE | |
r-oldrel-macos-arm64 | 0.0.4 | 29.00 | NOTE | |||
r-oldrel-windows-x86_64 | 0.0.4 | 26.00 | 78.00 | 104.00 | NOTE |
Version: 0.0.4
Check: LazyData
Result: NOTE
'LazyData' is specified without a 'data' directory
Flavors: r-devel-linux-x86_64-debian-clang, r-devel-linux-x86_64-debian-gcc, r-devel-linux-x86_64-fedora-clang, r-devel-linux-x86_64-fedora-gcc, r-devel-windows-x86_64, r-patched-linux-x86_64, r-release-linux-x86_64, r-release-macos-arm64, r-release-macos-x86_64, r-release-windows-x86_64, r-oldrel-macos-arm64, r-oldrel-windows-x86_64