Last updated on 2024-04-25 22:49:15 CEST.
Flavor | Version | Tinstall | Tcheck | Ttotal | Status | Flags |
---|---|---|---|---|---|---|
r-devel-linux-x86_64-debian-clang | 0.2.2 | 4.45 | 97.61 | 102.06 | OK | |
r-devel-linux-x86_64-debian-gcc | 0.2.2 | 4.00 | 70.65 | 74.65 | OK | |
r-devel-linux-x86_64-fedora-clang | 0.2.2 | 120.58 | NOTE | |||
r-devel-linux-x86_64-fedora-gcc | 0.2.2 | 135.20 | NOTE | |||
r-devel-windows-x86_64 | 0.2.2 | 9.00 | 90.00 | 99.00 | OK | |
r-patched-linux-x86_64 | 0.2.2 | 4.25 | 92.10 | 96.35 | OK | |
r-release-linux-x86_64 | 0.2.2 | 3.10 | 90.12 | 93.22 | OK | |
r-release-macos-arm64 | 0.2.2 | 66.00 | OK | |||
r-release-windows-x86_64 | 0.2.2 | 6.00 | 90.00 | 96.00 | OK | |
r-oldrel-macos-arm64 | 0.2.2 | 81.00 | OK | |||
r-oldrel-macos-x86_64 | 0.2.2 | 110.00 | OK | |||
r-oldrel-windows-x86_64 | 0.2.2 | 8.00 | 102.00 | 110.00 | OK |
Version: 0.2.2
Check: Rd cross-references
Result: NOTE
Undeclared package ‘sp’ in Rd xrefs
Flavor: r-devel-linux-x86_64-fedora-clang
Version: 0.2.2
Check: data for non-ASCII characters
Result: NOTE
Note: found 12 marked UTF-8 strings
Flavors: r-devel-linux-x86_64-fedora-clang, r-devel-linux-x86_64-fedora-gcc