CRAN Package Check Results for Package onc.api

Last updated on 2021-12-03 22:57:48 CET.

Flavor Version Tinstall Tcheck Ttotal Status Flags
r-devel-linux-x86_64-debian-clang 2.0.1.0 4.67 31.09 35.76 OK
r-devel-linux-x86_64-debian-gcc 2.0.1.0 3.86 24.42 28.28 OK
r-devel-linux-x86_64-fedora-clang 2.0.1.0 55.29 NOTE
r-devel-linux-x86_64-fedora-gcc 2.0.1.0 44.17 NOTE
r-devel-windows-x86_64-new-UL 2.0.1.0 17.00 65.00 82.00 OK
r-devel-windows-x86_64-new-TK 2.0.1.0 NOTE
r-devel-windows-x86_64-old 2.0.1.0 13.00 39.00 52.00 OK
r-patched-linux-x86_64 2.0.1.0 4.86 30.23 35.09 OK
r-release-linux-x86_64 2.0.1.0 4.58 29.93 34.51 OK
r-release-macos-arm64 2.0.1.0 NOTE
r-release-macos-x86_64 2.0.1.0 NOTE
r-release-windows-ix86+x86_64 2.0.1.0 12.00 48.00 60.00 OK
r-oldrel-macos-x86_64 2.0.1.0 NOTE
r-oldrel-windows-ix86+x86_64 2.0.1.0 11.00 48.00 59.00 OK

Check Details

Version: 2.0.1.0
Check: dependencies in R code
Result: NOTE
    Namespaces in Imports field not imported from:
     ‘crayon’ ‘testthat’
     All declared Imports should be used.
Flavors: r-devel-linux-x86_64-fedora-clang, r-devel-linux-x86_64-fedora-gcc, r-devel-windows-x86_64-new-TK, r-release-macos-arm64, r-release-macos-x86_64, r-oldrel-macos-x86_64