Last updated on 2024-03-28 23:01:51 CET.
Flavor | Version | Tinstall | Tcheck | Ttotal | Status | Flags |
---|---|---|---|---|---|---|
r-devel-linux-x86_64-debian-clang | 0.2 | 57.72 | 633.88 | 691.60 | OK | |
r-devel-linux-x86_64-debian-gcc | 0.2 | 46.83 | 481.87 | 528.70 | OK | |
r-devel-linux-x86_64-fedora-clang | 0.2 | 956.49 | NOTE | |||
r-devel-linux-x86_64-fedora-gcc | 0.2 | 937.57 | NOTE | |||
r-devel-windows-x86_64 | 0.2 | 52.00 | 437.00 | 489.00 | OK | |
r-patched-linux-x86_64 | 0.2 | 52.71 | 607.12 | 659.83 | OK | |
r-release-linux-x86_64 | 0.2 | 54.10 | 649.28 | 703.38 | OK | |
r-release-macos-arm64 | 0.2 | 155.00 | OK | |||
r-release-macos-x86_64 | 0.2 | 439.00 | OK | |||
r-release-windows-x86_64 | 0.2 | 67.00 | 584.00 | 651.00 | OK | |
r-oldrel-macos-arm64 | 0.2 | 195.00 | NOTE | |||
r-oldrel-windows-x86_64 | 0.2 | 69.00 | 518.00 | 587.00 | OK |
Version: 0.2
Check: dependencies in R code
Result: NOTE
Namespaces in Imports field not imported from:
‘gdata’ ‘genefilter’ ‘maftools’ ‘readxl’
All declared Imports should be used.
Flavors: r-devel-linux-x86_64-fedora-clang, r-devel-linux-x86_64-fedora-gcc, r-oldrel-macos-arm64