CRAN Package Check Results for Package onelogin

Last updated on 2024-02-29 22:58:52 CET.

Flavor Version Tinstall Tcheck Ttotal Status Flags
r-devel-linux-x86_64-debian-clang 0.2.0 2.22 23.25 25.47 NOTE
r-devel-linux-x86_64-debian-gcc 0.2.0 2.43 18.09 20.52 NOTE
r-devel-linux-x86_64-fedora-clang 0.2.0 33.73 NOTE
r-devel-linux-x86_64-fedora-gcc 0.2.0 31.49 NOTE
r-devel-windows-x86_64 0.2.0 4.00 43.00 47.00 NOTE
r-patched-linux-x86_64 0.2.0 3.60 23.31 26.91 NOTE
r-release-linux-x86_64 0.2.0 2.62 23.13 25.75 NOTE
r-release-macos-arm64 0.2.0 14.00 NOTE
r-release-macos-x86_64 0.2.0 22.00 NOTE
r-release-windows-x86_64 0.2.0 5.00 46.00 51.00 NOTE
r-oldrel-macos-arm64 0.2.0 14.00 NOTE
r-oldrel-windows-x86_64 0.2.0 4.00 44.00 48.00 NOTE

Check Details

Version: 0.2.0
Check: LazyData
Result: NOTE 'LazyData' is specified without a 'data' directory Flavors: r-devel-linux-x86_64-debian-clang, r-devel-linux-x86_64-debian-gcc, r-devel-linux-x86_64-fedora-clang, r-devel-linux-x86_64-fedora-gcc, r-devel-windows-x86_64, r-patched-linux-x86_64, r-release-linux-x86_64, r-release-macos-arm64, r-release-macos-x86_64, r-release-windows-x86_64, r-oldrel-macos-arm64, r-oldrel-windows-x86_64

Version: 0.2.0
Check: dependencies in R code
Result: NOTE Namespaces in Imports field not imported from: ‘R6’ ‘safer’ All declared Imports should be used. Flavors: r-devel-linux-x86_64-fedora-clang, r-devel-linux-x86_64-fedora-gcc, r-oldrel-macos-arm64