CRAN Package Check Results for Package ontoFAST

Last updated on 2021-07-31 22:53:41 CEST.

Flavor Version Tinstall Tcheck Ttotal Status Flags
r-devel-linux-x86_64-debian-clang 1.0.0 7.96 68.48 76.44 OK
r-devel-linux-x86_64-debian-gcc 1.0.0 6.77 51.16 57.93 OK
r-devel-linux-x86_64-fedora-clang 1.0.0 101.44 NOTE
r-devel-linux-x86_64-fedora-gcc 1.0.0 88.58 NOTE
r-devel-windows-x86_64 1.0.0 12.00 94.00 106.00 OK
r-devel-windows-x86_64-gcc10-UCRT 1.0.0 WARN
r-patched-linux-x86_64 1.0.0 OK
r-patched-solaris-x86 1.0.0 137.60 NOTE
r-release-linux-x86_64 1.0.0 7.39 65.15 72.54 OK
r-release-macos-arm64 1.0.0 NOTE
r-release-macos-x86_64 1.0.0 NOTE
r-release-windows-ix86+x86_64 1.0.0 18.00 85.00 103.00 OK
r-oldrel-macos-x86_64 1.0.0 NOTE
r-oldrel-windows-ix86+x86_64 1.0.0 19.00 92.00 111.00 OK

Check Details

Version: 1.0.0
Check: data for non-ASCII characters
Result: NOTE
     Note: found 34 marked UTF-8 strings
Flavors: r-devel-linux-x86_64-fedora-clang, r-devel-linux-x86_64-fedora-gcc, r-patched-solaris-x86, r-release-macos-arm64, r-release-macos-x86_64, r-oldrel-macos-x86_64

Version: 1.0.0
Check: data for non-ASCII characters
Result: WARN
     Warning: found non-ASCII strings
     '"The area that is 5<e2><80><93>35 <c2><b5>m wide, polygonal, repetitive, is delimited by lines and is the element of the reticulate sculpture." [http://api.hymao.org/api/ref/97939]' in object 'Scarab'
     '"obere h<c3><a4>lfte d. seitenwand" [http://api.hymao.org/api/ref/67823, http://books.google.com/books?id=2ZGVteDRKisC&lpg=PA139&ots=LjhoWCO-yu&dq=Anatomie%20und%20Physiologie%20des%20Giftapparates%20bei%20den%20Hymenopteren.&pg=PA135#v=onepage&q=Anatomie%20und%20Physiologie%20des%20Giftapparates%20bei%20den%20Hymenopteren.&f=]' in object 'Scarab'
     '"<c3><a9>caille anale" [http://api.hymao.org/api/ref/67823, http://api.hymao.org/api/ref/68583]' in object 'Scarab'
     '"<c3><a9>caille chitineuse" [http://api.hymao.org/api/ref/67823]' in object 'Scarab'
     '"F<c3><bc>hler" [http://api.hymao.org/api/ref/78598]' in object 'Scarab'
     '"H<c3><bc>fte" [http://api.hymao.org/api/ref/78598]' in object 'Scarab'
     '"basalst<c3><bc>ck" [http://api.hymao.org/api/ref/67781, http://api.hymao.org/api/ref/67800]' in object 'Scarab'
     '"pi<c3><a8>ce annulaire" [http://api.hymao.org/api/ref/68619, http://api.hymao.org/api/ref/67817]' in object 'Scarab'
     '"pi<c3><a8>ce basilaire" [http://api.hymao.org/api/ref/68619, http://api.hymao.org/api/ref/67810]' in object 'Scarab'
     '"ringst<c3><bc>ck" [http://api.hymao.org/api/ref/68619, http://api.hymao.org/api/ref/67797]' in object 'Scarab'
     '"scl<c3><a9>rite accessoire" [http://api.hymao.org/api/ref/68619, http://api.hymao.org/api/ref/67817]' in object 'Scarab'
     '"<c3><a9>cailles" [http://api.hymao.org/api/ref/68619, http://www.biodiversitylibrary.org/bibliography/10281 ]' in object 'Scarab'
     '"<c3><a9>caille du stylet" [http://api.hymao.org/api/ref/67823]' in object 'Scarab'
     '"gr<c3><a4>te" [http://api.hymao.org/api/ref/67823, http://api.hymao.org/api/ref/68574]' in object 'Scarab'
     '"s<c3><a4>geblatt" [http://api.hymao.org/api/ref/67823, http://api.hymao.org/api/ref/67800]' in object 'Scarab'
     '"s<c3><a4>geplatte" [http://api.hymao.org/api/ref/67823]' in object 'Scarab'
     '"pi<c3><a8>ce en tr<c3><a8>buchet" [http://api.hymao.org/api/ref/68619, http://api.hymao.org/api/ref/67784]' in object 'Scarab'
     '"pi<c3><a8>ce principale" [http://api.hymao.org/api/ref/68619, http://api.hymao.org/api/ref/67784]' in object 'Scarab'
     '"car<c3><a8>ne intertorulaire" [http://api.hymao.org/api/ref/68619]' in object 'Scarab'
     '"foveole m<c3><a9>tanotale" [http://api.hymao.org/api/ref/68619, http://api.hymao.org/api/ref/67771]' in object 'Scarab'
     '"pi<c3><a8>ce compl<c3><a8>mentaire" [http://api.hymao.org/api/ref/68619, http://api.hymao.org/api/ref/67784]' in object 'Scarab'
     '"valve du p<c3><a9>nis" [http://api.hymao.org/api/ref/68619, http://api.hymao.org/api/ref/67816]' in object 'Scarab'
     '"pr<c3><a9>pectus" [http://api.hymao.org/api/ref/68619, http://api.hymao.org/api/ref/67771]' in object 'Scarab'
     '"carene pr<c3><a9>occipitale" [http://api.hymao.org/api/ref/68619, http://api.hymao.org/api/ref/67776]' in object 'Scarab'
     '"sillon pr<c3><a9>occipita" [http://api.hymao.org/api/ref/68619, http://api.hymao.org/api/ref/67774]' in object 'Scarab'
     '"lunule pr<c3><a9>occipitale" [http://api.hymao.org/api/ref/68619, http://api.hymao.org/api/ref/67774]' in object 'Scarab'
     '"untere h<c3><a4>lfte d. seitenwand" [http://api.hymao.org/api/ref/67823, http://books.google.com/books?id=2ZGVteDRKisC&lpg=PA139&ots=LjhoWCO-yu&dq=Anatomie%20und%20Physiologie%20des%20Giftapparates%20bei%20den%20Hymenopteren.&pg=PA135#v=onepage&q=Anatomie%20und%20Physiologie%20des%20Giftapparates%20bei%20den%20Hymenopteren.&f=]' in object 'Scarab'
     '"<c3><a9>caille du gorgeret" [http://api.hymao.org/api/ref/67823]' in object 'Scarab'
     '"<c3><a9>caille lat<c3><a9>rale" [http://api.hymao.org/api/ref/67823, http://api.hymao.org/api/ref/68583]' in object 'Scarab'
     '"Sohlenbl<c3><a4>schen" [http://api.hymao.org/api/ref/68619, http://api.hymao.org/api/ref/36886]' in object 'Scarab'
     '"h<c3><bc>llschuppen" [http://api.hymao.org/api/ref/67823, http://books.google.com/books?id=2ZGVteDRKisC&lpg=PA139&ots=LjhoWCO-yu&dq=Anatomie%20und%20Physiologie%20des%20Giftapparates%20bei%20den%20Hymenopteren.&pg=PA135#v=onepage&q=Anatomie%20und%20Physiologie%20des%20Giftapparates%20bei%20den%20Hymenopteren.&f=]' in object 'Scarab'
     '"portion <c3><a9>vaginale" [http://api.hymao.org/api/ref/67823, http://api.hymao.org/api/ref/67825]' in object 'Scarab'
     '"apophyse p<c3><a9>niale" [http://api.hymao.org/api/ref/68619, http://api.hymao.org/api/ref/67784]' in object 'Scarab'
     '"S<c3><a4>gescheide" [http://api.hymao.org/api/ref/67823, http://api.hymao.org/api/ref/67800]' in object 'Scarab'
Flavor: r-devel-windows-x86_64-gcc10-UCRT