CRAN Package Check Results for Package ontologyPlot

Last updated on 2024-02-27 23:08:20 CET.

Flavor Version Tinstall Tcheck Ttotal Status Flags
r-devel-linux-x86_64-debian-clang 1.7 4.09 60.35 64.44 OK
r-devel-linux-x86_64-debian-gcc 1.7 4.56 47.90 52.46 OK
r-devel-linux-x86_64-fedora-clang 1.7 78.80 OK
r-devel-linux-x86_64-fedora-gcc 1.7 100.26 OK
r-devel-windows-x86_64 1.6 6.00 70.00 76.00 NOTE
r-patched-linux-x86_64 1.7 6.37 60.12 66.49 OK
r-release-linux-x86_64 1.7 4.56 60.11 64.67 OK
r-release-macos-arm64 1.7 40.00 OK
r-release-macos-x86_64 1.7 67.00 OK
r-release-windows-x86_64 1.7 8.00 83.00 91.00 OK
r-oldrel-macos-arm64 1.7 37.00 OK
r-oldrel-windows-x86_64 1.7 8.00 80.00 88.00 OK

Check Details

Version: 1.6
Check: Rd metadata
Result: NOTE Rd files without \alias: 'ontologyPlot-package.Rd' Flavor: r-devel-windows-x86_64