Last updated on 2023-09-28 23:08:53 CEST.
Flavor | Version | Tinstall | Tcheck | Ttotal | Status | Flags |
---|---|---|---|---|---|---|
r-devel-linux-x86_64-debian-clang | 0.3.5 | 20.18 | 161.12 | 181.30 | OK | |
r-devel-linux-x86_64-debian-gcc | 0.3.5 | 14.66 | 116.62 | 131.28 | OK | |
r-devel-linux-x86_64-fedora-clang | 0.3.5 | 219.00 | OK | |||
r-devel-linux-x86_64-fedora-gcc | 0.3.5 | 220.42 | OK | |||
r-devel-windows-x86_64 | 0.3.5 | 17.00 | 118.00 | 135.00 | OK | |
r-patched-linux-x86_64 | 0.3.5 | 15.75 | 150.20 | 165.95 | OK | |
r-release-linux-x86_64 | 0.3.5 | 18.10 | 146.26 | 164.36 | OK | |
r-release-macos-arm64 | 0.3.5 | 5.00 | ERROR | |||
r-release-macos-x86_64 | 0.3.5 | 6.00 | ERROR | |||
r-release-windows-x86_64 | 0.3.5 | 24.00 | 147.00 | 171.00 | OK | |
r-oldrel-macos-arm64 | 0.3.5 | 38.00 | ERROR | |||
r-oldrel-macos-x86_64 | 0.3.5 | 11.00 | ERROR | |||
r-oldrel-windows-x86_64 | 0.3.5 | 24.00 | 148.00 | 172.00 | OK |
Version: 0.3.5
Check: package dependencies
Result: ERROR
Package required but not available: ‘mixAK’
See section ‘The DESCRIPTION file’ in the ‘Writing R Extensions’
manual.
Flavors: r-release-macos-arm64, r-release-macos-x86_64, r-oldrel-macos-arm64, r-oldrel-macos-x86_64