CRAN Package Check Results for Package openEBGM

Last updated on 2020-02-24 22:50:30 CET.

Flavor Version Tinstall Tcheck Ttotal Status Flags
r-devel-linux-x86_64-debian-clang 0.8.2 6.72 274.04 280.76 ERROR
r-devel-linux-x86_64-debian-gcc 0.8.2 4.73 195.15 199.88 OK
r-devel-linux-x86_64-fedora-clang 0.8.2 323.71 OK
r-devel-linux-x86_64-fedora-gcc 0.8.2 288.97 OK
r-devel-windows-ix86+x86_64 0.8.2 14.00 298.00 312.00 OK
r-devel-windows-ix86+x86_64-gcc8 0.8.2 20.00 343.00 363.00 OK
r-patched-linux-x86_64 0.8.2 5.65 239.33 244.98 OK
r-patched-solaris-x86 0.8.2 448.50 OK
r-release-linux-x86_64 0.8.2 4.87 239.85 244.72 OK
r-release-windows-ix86+x86_64 0.8.2 12.00 287.00 299.00 OK
r-release-osx-x86_64 0.8.1 OK
r-oldrel-windows-ix86+x86_64 0.8.2 9.00 293.00 302.00 OK
r-oldrel-osx-x86_64 0.8.2 OK

Check Details

Version: 0.8.2
Check: tests
Result: ERROR
     Running 'testthat.R' [57s/52s]
    Running the tests in 'tests/testthat.R' failed.
    Complete output:
     > testthat::test_check("openEBGM")
     Loading required package: openEBGM
     -- 1. Failure: results match hand calculations, unstratified (@testA_Counts.R#27
     processRaw(dat2, stratify = FALSE, zeroes = TRUE, digits = 4) not equal to `hand`.
     Component "var1": 'current' is not a factor
     Component "var2": 'current' is not a factor
    
     -- 2. Failure: results match hand calculations, unstratified (@testA_Counts.R#27
     processRaw(dat2, stratify = FALSE, zeroes = FALSE, digits = 4) not equivalent to hand[hand$N != 0, ].
     Component "var1": 'current' is not a factor
     Component "var2": 'current' is not a factor
    
     -- 3. Failure: results match hand calculations, stratified (@testA_Counts.R#288)
     processRaw(dat2, stratify = TRUE, zeroes = TRUE, digits = 4) not equal to `hand_s`.
     Component "var1": 'current' is not a factor
     Component "var2": 'current' is not a factor
    
     -- 4. Failure: results match hand calculations, stratified (@testA_Counts.R#292)
     processRaw(dat2, stratify = TRUE, zeroes = FALSE, digits = 4) not equivalent to hand_s[hand_s$N != 0, ].
     Component "var1": 'current' is not a factor
     Component "var2": 'current' is not a factor
    
     == testthat results ===========================================================
     [ OK: 245 | SKIPPED: 0 | WARNINGS: 0 | FAILED: 4 ]
     1. Failure: results match hand calculations, unstratified (@testA_Counts.R#272)
     2. Failure: results match hand calculations, unstratified (@testA_Counts.R#274)
     3. Failure: results match hand calculations, stratified (@testA_Counts.R#288)
     4. Failure: results match hand calculations, stratified (@testA_Counts.R#292)
    
     Error: testthat unit tests failed
     Execution halted
Flavor: r-devel-linux-x86_64-debian-clang