CRAN Package Check Results for Package openSTARS

Last updated on 2021-10-20 23:50:18 CEST.

Flavor Version Tinstall Tcheck Ttotal Status Flags
r-devel-linux-x86_64-debian-clang 1.2.2 16.79 130.34 147.13 NOTE
r-devel-linux-x86_64-debian-gcc 1.2.2 13.50 99.63 113.13 NOTE
r-devel-linux-x86_64-fedora-clang 1.2.2 187.43 NOTE
r-devel-linux-x86_64-fedora-gcc 1.2.2 174.36 NOTE
r-devel-windows-x86_64 1.2.2 31.00 190.00 221.00 NOTE
r-devel-windows-x86_64-gcc10-UCRT 1.2.2 ERROR
r-patched-linux-x86_64 1.2.2 16.14 126.60 142.74 NOTE
r-patched-solaris-x86 1.2.2 252.00 NOTE
r-release-linux-x86_64 1.2.2 15.58 126.15 141.73 NOTE
r-release-macos-arm64 1.2.2 NOTE
r-release-macos-x86_64 1.2.2 NOTE
r-release-windows-ix86+x86_64 1.2.2 30.00 196.00 226.00 NOTE
r-oldrel-macos-x86_64 1.2.2 NOTE
r-oldrel-windows-ix86+x86_64 1.2.2 45.00 183.00 228.00 NOTE

Check Details

Version: 1.2.2
Check: LazyData
Result: NOTE
     'LazyData' is specified without a 'data' directory
Flavors: r-devel-linux-x86_64-debian-clang, r-devel-linux-x86_64-debian-gcc, r-devel-linux-x86_64-fedora-clang, r-devel-linux-x86_64-fedora-gcc, r-devel-windows-x86_64, r-patched-linux-x86_64, r-patched-solaris-x86, r-release-linux-x86_64, r-release-macos-arm64, r-release-macos-x86_64, r-release-windows-ix86+x86_64

Version: 1.2.2
Check: installed package size
Result: NOTE
     installed size is 9.4Mb
     sub-directories of 1Mb or more:
     extdata 9.0Mb
Flavors: r-devel-linux-x86_64-fedora-clang, r-devel-windows-x86_64, r-patched-solaris-x86, r-release-macos-arm64, r-release-macos-x86_64, r-release-windows-ix86+x86_64, r-oldrel-macos-x86_64, r-oldrel-windows-ix86+x86_64

Version: 1.2.2
Check: package dependencies
Result: ERROR
    Package required but not available: 'SSN'
    
    See section 'The DESCRIPTION file' in the 'Writing R Extensions'
    manual.
Flavor: r-devel-windows-x86_64-gcc10-UCRT