CRAN Package Check Results for Package openblender

Last updated on 2021-11-29 22:59:18 CET.

Flavor Version Tinstall Tcheck Ttotal Status Flags
r-devel-linux-x86_64-debian-clang 0.5.81 2.69 24.35 27.04 NOTE
r-devel-linux-x86_64-debian-gcc 0.5.81 2.03 19.51 21.54 NOTE
r-devel-linux-x86_64-fedora-clang 0.5.81 44.87 NOTE
r-devel-linux-x86_64-fedora-gcc 0.5.81 33.99 NOTE
r-devel-windows-x86_64-new-UL 0.5.81 7.00 59.00 66.00 NOTE
r-devel-windows-x86_64-new-TK 0.5.81 NOTE
r-devel-windows-x86_64-old 0.5.81 5.00 31.00 36.00 NOTE
r-patched-linux-x86_64 0.5.81 2.63 23.50 26.13 NOTE
r-patched-solaris-x86 0.5.81 52.90 NOTE
r-release-linux-x86_64 0.5.81 2.35 23.67 26.02 NOTE
r-release-macos-arm64 0.5.81 NOTE
r-release-macos-x86_64 0.5.81 NOTE
r-release-windows-ix86+x86_64 0.5.81 5.00 32.00 37.00 NOTE
r-oldrel-macos-x86_64 0.5.81 OK
r-oldrel-windows-ix86+x86_64 0.5.81 4.00 33.00 37.00 OK

Check Details

Version: 0.5.81
Check: LazyData
Result: NOTE
     'LazyData' is specified without a 'data' directory
Flavors: r-devel-linux-x86_64-debian-clang, r-devel-linux-x86_64-debian-gcc, r-devel-linux-x86_64-fedora-clang, r-devel-linux-x86_64-fedora-gcc, r-devel-windows-x86_64-new-UL, r-devel-windows-x86_64-new-TK, r-devel-windows-x86_64-old, r-patched-linux-x86_64, r-patched-solaris-x86, r-release-linux-x86_64, r-release-macos-arm64, r-release-macos-x86_64, r-release-windows-ix86+x86_64