CRAN Package Check Results for Package opendatatoronto

Last updated on 2021-11-26 23:03:33 CET.

Flavor Version Tinstall Tcheck Ttotal Status Flags
r-devel-linux-x86_64-debian-clang 0.1.4 3.62 33.19 36.81 NOTE
r-devel-linux-x86_64-debian-gcc 0.1.4 2.76 26.40 29.16 NOTE
r-devel-linux-x86_64-fedora-clang 0.1.4 57.88 NOTE
r-devel-linux-x86_64-fedora-gcc 0.1.4 57.57 NOTE
r-devel-windows-x86_64-new-UL 0.1.4 12.00 76.00 88.00 NOTE
r-devel-windows-x86_64-new-TK 0.1.4 NOTE
r-devel-windows-x86_64-old 0.1.4 6.00 55.00 61.00 NOTE
r-patched-linux-x86_64 0.1.4 3.64 31.92 35.56 NOTE
r-patched-solaris-x86 0.1.4 71.40 NOTE
r-release-linux-x86_64 0.1.4 NOTE
r-release-macos-arm64 0.1.4 NOTE
r-release-macos-x86_64 0.1.4 NOTE
r-release-windows-ix86+x86_64 0.1.4 15.00 42.00 57.00 NOTE
r-oldrel-macos-x86_64 0.1.4 OK
r-oldrel-windows-ix86+x86_64 0.1.4 23.00 52.00 75.00 OK

Check Details

Version: 0.1.4
Check: LazyData
Result: NOTE
     'LazyData' is specified without a 'data' directory
Flavors: r-devel-linux-x86_64-debian-clang, r-devel-linux-x86_64-debian-gcc, r-devel-linux-x86_64-fedora-clang, r-devel-linux-x86_64-fedora-gcc, r-devel-windows-x86_64-new-UL, r-devel-windows-x86_64-new-TK, r-devel-windows-x86_64-old, r-patched-linux-x86_64, r-patched-solaris-x86, r-release-linux-x86_64, r-release-macos-arm64, r-release-macos-x86_64, r-release-windows-ix86+x86_64