Last updated on 2023-09-26 23:04:20 CEST.
Flavor | Version | Tinstall | Tcheck | Ttotal | Status | Flags |
---|---|---|---|---|---|---|
r-devel-linux-x86_64-debian-clang | 1.3.0 | 46.54 | 191.50 | 238.04 | NOTE | |
r-devel-linux-x86_64-debian-gcc | 1.3.0 | 39.21 | 138.83 | 178.04 | NOTE | |
r-devel-linux-x86_64-fedora-clang | 1.3.0 | 296.29 | NOTE | |||
r-devel-linux-x86_64-fedora-gcc | 1.3.0 | 317.13 | NOTE | |||
r-devel-windows-x86_64 | 1.3.0 | 40.00 | 158.00 | 198.00 | NOTE | |
r-patched-linux-x86_64 | 1.3.0 | 51.08 | 178.32 | 229.40 | NOTE | |
r-release-linux-x86_64 | 1.3.0 | 46.93 | 179.00 | 225.93 | NOTE | |
r-release-macos-arm64 | 1.3.0 | 98.00 | NOTE | |||
r-release-macos-x86_64 | 1.3.0 | 151.00 | NOTE | |||
r-release-windows-x86_64 | 1.3.0 | 55.00 | 195.00 | 250.00 | NOTE | |
r-oldrel-macos-arm64 | 1.3.0 | 95.00 | OK | |||
r-oldrel-macos-x86_64 | 1.3.0 | 91.00 | OK | |||
r-oldrel-windows-x86_64 | 1.3.0 | 52.00 | 166.00 | 218.00 | OK |
Version: 1.3.0
Check: Rd \usage sections
Result: NOTE
S3 methods shown with full name in documentation object 'unary_ops':
‘log10.ProcessNode’ ‘log10.ProcessGraphParameter’
The \usage entries for S3 methods should use the \method markup and not
their full name.
See chapter ‘Writing R documentation files’ in the ‘Writing R
Extensions’ manual.
Flavors: r-devel-linux-x86_64-debian-clang, r-devel-linux-x86_64-debian-gcc, r-devel-linux-x86_64-fedora-clang, r-devel-linux-x86_64-fedora-gcc, r-devel-windows-x86_64, r-patched-linux-x86_64, r-release-linux-x86_64, r-release-macos-arm64, r-release-macos-x86_64, r-release-windows-x86_64