Last updated on 2023-11-30 22:59:07 CET.
Flavor | Version | Tinstall | Tcheck | Ttotal | Status | Flags |
---|---|---|---|---|---|---|
r-devel-linux-x86_64-debian-clang | 2.4.0 | 37.75 | 188.96 | 226.71 | OK | |
r-devel-linux-x86_64-debian-gcc | 2.4.0 | 33.32 | 143.08 | 176.40 | OK | |
r-devel-linux-x86_64-fedora-clang | 2.4.0 | 282.50 | NOTE | |||
r-devel-linux-x86_64-fedora-gcc | 2.4.0 | 289.99 | NOTE | |||
r-devel-windows-x86_64 | 2.4.0 | 49.00 | 254.00 | 303.00 | NOTE | |
r-patched-linux-x86_64 | 2.4.0 | 31.05 | 179.29 | 210.34 | OK | |
r-release-linux-x86_64 | 2.4.0 | 26.28 | 180.01 | 206.29 | OK | |
r-release-macos-arm64 | 2.4.0 | 90.00 | NOTE | |||
r-release-macos-x86_64 | 2.4.0 | 137.00 | NOTE | |||
r-release-windows-x86_64 | 2.4.0 | 62.00 | 318.00 | 380.00 | NOTE | |
r-oldrel-macos-arm64 | 2.4.0 | 88.00 | NOTE | |||
r-oldrel-macos-x86_64 | 2.4.0 | 116.00 | NOTE | |||
r-oldrel-windows-x86_64 | 2.4.0 | 65.00 | 269.00 | 334.00 | NOTE |
Version: 2.4.0
Check: installed package size
Result: NOTE
installed size is 5.2Mb
sub-directories of 1Mb or more:
data 4.2Mb
Flavors: r-devel-linux-x86_64-fedora-clang, r-devel-windows-x86_64, r-release-macos-arm64, r-release-macos-x86_64, r-release-windows-x86_64, r-oldrel-macos-arm64, r-oldrel-macos-x86_64, r-oldrel-windows-x86_64
Version: 2.4.0
Check: data for non-ASCII characters
Result: NOTE
Note: found 2524 marked UTF-8 strings
Flavors: r-devel-linux-x86_64-fedora-clang, r-devel-linux-x86_64-fedora-gcc, r-oldrel-macos-arm64, r-oldrel-macos-x86_64