Last updated on 2024-04-23 22:55:30 CEST.
Flavor | Version | Tinstall | Tcheck | Ttotal | Status | Flags |
---|---|---|---|---|---|---|
r-devel-linux-x86_64-debian-clang | 1.2.0 | 190.03 | 171.96 | 361.99 | NOTE | |
r-devel-linux-x86_64-debian-gcc | 1.2.0 | 166.01 | 130.18 | 296.19 | NOTE | |
r-devel-linux-x86_64-fedora-clang | 1.2.0 | 479.00 | NOTE | |||
r-devel-linux-x86_64-fedora-gcc | 1.2.0 | 534.36 | NOTE | |||
r-prerel-macos-arm64 | 1.2.0 | 104.00 | NOTE | |||
r-prerel-windows-x86_64 | 1.2.0 | 142.00 | 150.00 | 292.00 | NOTE | |
r-patched-linux-x86_64 | 1.2.0 | 201.07 | 167.78 | 368.85 | NOTE | |
r-release-linux-x86_64 | 1.2.0 | 208.82 | 172.36 | 381.18 | OK | |
r-release-macos-arm64 | 1.2.0 | 120.00 | NOTE | |||
r-release-macos-x86_64 | 1.2.0 | 212.00 | NOTE | |||
r-release-windows-x86_64 | 1.2.0 | 171.00 | 198.00 | 369.00 | NOTE | |
r-oldrel-macos-arm64 | 1.2.0 | 102.00 | NOTE | |||
r-oldrel-windows-x86_64 | 1.2.0 | 157.00 | 181.00 | 338.00 | NOTE |
Version: 1.2.0
Check: Rd files
Result: NOTE
checkRd: (-1) loss.Rd:24: Lost braces in \itemize; meant \describe ?
checkRd: (-1) loss.Rd:25-26: Lost braces in \itemize; meant \describe ?
checkRd: (-1) loss.Rd:27: Lost braces in \itemize; meant \describe ?
checkRd: (-1) loss.Rd:32-33: Lost braces in \itemize; meant \describe ?
checkRd: (-1) loss.Rd:34-35: Lost braces in \itemize; meant \describe ?
checkRd: (-1) mixture-opera.Rd:79: Lost braces in \itemize; meant \describe ?
checkRd: (-1) mixture-opera.Rd:80: Lost braces in \itemize; meant \describe ?
checkRd: (-1) mixture-opera.Rd:81: Lost braces in \itemize; meant \describe ?
checkRd: (-1) mixture-opera.Rd:82: Lost braces in \itemize; meant \describe ?
checkRd: (-1) mixture-opera.Rd:83: Lost braces in \itemize; meant \describe ?
checkRd: (-1) mixture-opera.Rd:84: Lost braces in \itemize; meant \describe ?
checkRd: (-1) mixture-opera.Rd:85: Lost braces in \itemize; meant \describe ?
checkRd: (-1) plot.mixture.Rd:33: Lost braces in \itemize; meant \describe ?
checkRd: (-1) plot.mixture.Rd:34: Lost braces in \itemize; meant \describe ?
Flavors: r-devel-linux-x86_64-debian-clang, r-devel-linux-x86_64-debian-gcc, r-devel-linux-x86_64-fedora-clang, r-devel-linux-x86_64-fedora-gcc, r-prerel-macos-arm64, r-prerel-windows-x86_64, r-patched-linux-x86_64
Version: 1.2.0
Check: dependencies in R code
Result: NOTE
Namespace in Imports field not imported from: ‘Rdpack’
All declared Imports should be used.
Flavors: r-devel-linux-x86_64-fedora-clang, r-devel-linux-x86_64-fedora-gcc, r-oldrel-macos-arm64
Version: 1.2.0
Check: installed package size
Result: NOTE
installed size is 35.0Mb
sub-directories of 1Mb or more:
extdata 2.1Mb
libs 31.3Mb
Flavors: r-prerel-macos-arm64, r-release-macos-arm64, r-release-macos-x86_64, r-release-windows-x86_64, r-oldrel-macos-arm64, r-oldrel-windows-x86_64