CRAN Package Check Results for Package opera

Last updated on 2024-07-23 22:49:46 CEST.

Flavor Version Tinstall Tcheck Ttotal Status Flags
r-devel-linux-x86_64-debian-clang 1.2.0 153.40 173.71 327.11 NOTE
r-devel-linux-x86_64-debian-gcc 1.2.0 125.90 132.45 258.35 NOTE
r-devel-linux-x86_64-fedora-clang 1.2.0 503.55 NOTE
r-devel-linux-x86_64-fedora-gcc 1.2.0 492.64 NOTE
r-devel-windows-x86_64 1.2.0 116.00 149.00 265.00 NOTE
r-patched-linux-x86_64 1.2.0 177.21 172.56 349.77 NOTE
r-release-linux-x86_64 1.2.0 129.42 171.84 301.26 NOTE
r-release-macos-arm64 1.2.0 104.00 NOTE
r-release-macos-x86_64 1.2.0 142.00 NOTE
r-release-windows-x86_64 1.2.0 138.00 152.00 290.00 NOTE
r-oldrel-macos-arm64 1.2.0 120.00 NOTE
r-oldrel-macos-x86_64 1.2.0 212.00 NOTE
r-oldrel-windows-x86_64 1.2.0 137.00 188.00 325.00 NOTE

Check Details

Version: 1.2.0
Check: Rd files
Result: NOTE checkRd: (-1) loss.Rd:24: Lost braces in \itemize; meant \describe ? checkRd: (-1) loss.Rd:25-26: Lost braces in \itemize; meant \describe ? checkRd: (-1) loss.Rd:27: Lost braces in \itemize; meant \describe ? checkRd: (-1) loss.Rd:32-33: Lost braces in \itemize; meant \describe ? checkRd: (-1) loss.Rd:34-35: Lost braces in \itemize; meant \describe ? checkRd: (-1) mixture-opera.Rd:79: Lost braces in \itemize; meant \describe ? checkRd: (-1) mixture-opera.Rd:80: Lost braces in \itemize; meant \describe ? checkRd: (-1) mixture-opera.Rd:81: Lost braces in \itemize; meant \describe ? checkRd: (-1) mixture-opera.Rd:82: Lost braces in \itemize; meant \describe ? checkRd: (-1) mixture-opera.Rd:83: Lost braces in \itemize; meant \describe ? checkRd: (-1) mixture-opera.Rd:84: Lost braces in \itemize; meant \describe ? checkRd: (-1) mixture-opera.Rd:85: Lost braces in \itemize; meant \describe ? checkRd: (-1) plot.mixture.Rd:33: Lost braces in \itemize; meant \describe ? checkRd: (-1) plot.mixture.Rd:34: Lost braces in \itemize; meant \describe ? Flavors: r-devel-linux-x86_64-debian-clang, r-devel-linux-x86_64-debian-gcc, r-devel-linux-x86_64-fedora-clang, r-devel-linux-x86_64-fedora-gcc, r-devel-windows-x86_64, r-patched-linux-x86_64, r-release-linux-x86_64, r-release-macos-arm64, r-release-macos-x86_64, r-release-windows-x86_64

Version: 1.2.0
Check: Rd cross-references
Result: NOTE Found the following Rd file(s) with Rd \link{} targets missing package anchors: mixture-opera.Rd: auglag Please provide package anchors for all Rd \link{} targets not in the package itself and the base packages. Flavors: r-devel-linux-x86_64-debian-gcc, r-devel-windows-x86_64

Version: 1.2.0
Check: dependencies in R code
Result: NOTE Namespace in Imports field not imported from: ‘Rdpack’ All declared Imports should be used. Flavors: r-devel-linux-x86_64-fedora-clang, r-devel-linux-x86_64-fedora-gcc

Version: 1.2.0
Check: installed package size
Result: NOTE installed size is 5.0Mb sub-directories of 1Mb or more: extdata 2.1Mb libs 1.4Mb Flavors: r-devel-windows-x86_64, r-release-macos-arm64, r-release-macos-x86_64, r-oldrel-macos-arm64, r-oldrel-macos-x86_64, r-oldrel-windows-x86_64