CRAN Package Check Results for Package oppr

Last updated on 2021-07-29 22:56:11 CEST.

Flavor Version Tinstall Tcheck Ttotal Status Flags
r-devel-linux-x86_64-debian-clang 1.0.3 NOTE
r-devel-linux-x86_64-debian-gcc 1.0.3 176.28 118.48 294.76 NOTE
r-devel-linux-x86_64-fedora-clang 1.0.3 557.17 NOTE
r-devel-linux-x86_64-fedora-gcc 1.0.3 510.64 NOTE
r-devel-windows-x86_64 1.0.3 308.00 228.00 536.00 NOTE
r-devel-windows-x86_64-gcc10-UCRT 1.0.3 NOTE
r-patched-linux-x86_64 1.0.3 216.86 147.63 364.49 NOTE
r-patched-solaris-x86 1.0.3 502.20 NOTE
r-release-linux-x86_64 1.0.3 201.85 148.25 350.10 NOTE
r-release-macos-arm64 1.0.3 ERROR
r-release-macos-x86_64 1.0.3 NOTE
r-release-windows-ix86+x86_64 1.0.3 570.00 282.00 852.00 NOTE
r-oldrel-macos-x86_64 1.0.3 NOTE
r-oldrel-windows-ix86+x86_64 1.0.3 408.00 300.00 708.00 NOTE

Check Details

Version: 1.0.3
Check: package dependencies
Result: NOTE
    Package suggested but not available for checking: 'gurobi'
Flavors: r-devel-linux-x86_64-debian-clang, r-devel-linux-x86_64-debian-gcc, r-devel-linux-x86_64-fedora-clang, r-devel-linux-x86_64-fedora-gcc, r-devel-windows-x86_64, r-devel-windows-x86_64-gcc10-UCRT, r-patched-linux-x86_64, r-release-linux-x86_64, r-release-windows-ix86+x86_64, r-oldrel-windows-ix86+x86_64

Version: 1.0.3
Check: installed package size
Result: NOTE
     installed size is 9.0Mb
     sub-directories of 1Mb or more:
     libs 7.4Mb
Flavors: r-devel-linux-x86_64-fedora-clang, r-release-macos-arm64, r-release-macos-x86_64, r-oldrel-macos-x86_64

Version: 1.0.3
Check: package dependencies
Result: NOTE
    Packages suggested but not available for checking:
     'gurobi', 'Rsymphony', 'lpsymphony'
Flavor: r-patched-solaris-x86

Version: 1.0.3
Check: package dependencies
Result: NOTE
    Packages suggested but not available for checking:
     'gurobi', 'ggtree', 'Rsymphony', 'lpsymphony'
Flavor: r-release-macos-arm64

Version: 1.0.3
Check: Rd cross-references
Result: NOTE
    Package unavailable to check Rd xrefs: ‘ggtree’
Flavors: r-release-macos-arm64, r-release-macos-x86_64, r-oldrel-macos-x86_64

Version: 1.0.3
Check: tests
Result: ERROR
     Running ‘testthat.R’ [13s/14s]
    Running the tests in ‘tests/testthat.R’ failed.
    Last 13 lines of output:
     23. │ └─grid::pushViewport(vp, recording = FALSE)
     24. │ └─base::lapply(vps, push.vp, recording)
     25. │ ├─grid:::FUN(X[[i]], ...)
     26. │ └─grid:::push.vp.vpTree(X[[i]], ...)
     27. │ ├─grid:::push.vp(vp$parent, recording)
     28. │ └─grid:::push.vp.viewport(vp$parent, recording)
     29. │ └─grid:::grid.Call.graphics(C_setviewport, vp, TRUE)
     30. └─(function (x) ...
     31. ├─grid::widthDetails(x)
     32. └─grid:::widthDetails.text(x)
     33. └─grid:::grid.Call(...)
    
     [ FAIL 4 | WARN 37 | SKIP 40 | PASS 1457 ]
     Error: Test failures
     Execution halted
Flavor: r-release-macos-arm64

Version: 1.0.3
Check: package dependencies
Result: NOTE
    Packages suggested but not available for checking:
     'gurobi', 'ggtree', 'lpsymphony'
Flavors: r-release-macos-x86_64, r-oldrel-macos-x86_64