CRAN Package Check Results for Package oppr

Last updated on 2019-07-15 22:55:12 CEST.

Flavor Version Tinstall Tcheck Ttotal Status Flags
r-devel-linux-x86_64-debian-clang 0.0.3 183.17 126.80 309.97 NOTE
r-devel-linux-x86_64-debian-gcc 0.0.3 156.53 100.66 257.19 NOTE
r-devel-linux-x86_64-fedora-clang 0.0.3 440.83 NOTE
r-devel-linux-x86_64-fedora-gcc 0.0.3 450.97 NOTE
r-devel-windows-ix86+x86_64 0.0.3 550.00 208.00 758.00 NOTE
r-patched-linux-x86_64 0.0.3 190.06 125.13 315.19 NOTE
r-patched-solaris-x86 0.0.3 489.00 NOTE
r-release-linux-x86_64 0.0.3 191.05 123.83 314.88 NOTE
r-release-windows-ix86+x86_64 0.0.3 439.00 287.00 726.00 NOTE
r-release-osx-x86_64 0.0.3 NOTE
r-oldrel-windows-ix86+x86_64 0.0.3 567.00 201.00 768.00 NOTE
r-oldrel-osx-x86_64 0.0.3 NOTE

Check Details

Version: 0.0.3
Check: package dependencies
Result: NOTE
    Package suggested but not available for checking: 'gurobi'
Flavors: r-devel-linux-x86_64-debian-clang, r-devel-linux-x86_64-debian-gcc, r-devel-linux-x86_64-fedora-clang, r-devel-linux-x86_64-fedora-gcc, r-devel-windows-ix86+x86_64, r-patched-linux-x86_64, r-release-linux-x86_64, r-release-windows-ix86+x86_64, r-oldrel-windows-ix86+x86_64

Version: 0.0.3
Check: installed package size
Result: NOTE
     installed size is 8.7Mb
     sub-directories of 1Mb or more:
     libs 7.1Mb
Flavors: r-devel-linux-x86_64-fedora-clang, r-release-osx-x86_64, r-oldrel-osx-x86_64

Version: 0.0.3
Check: package dependencies
Result: NOTE
    Packages suggested but not available for checking:
     'gurobi', 'Rsymphony', 'lpsymphony'
Flavor: r-patched-solaris-x86

Version: 0.0.3
Check: package dependencies
Result: NOTE
    Packages suggested but not available for checking:
     'gurobi', 'ggtree', 'Rsymphony', 'lpsymphony'
Flavor: r-release-osx-x86_64

Version: 0.0.3
Check: Rd cross-references
Result: NOTE
    Package unavailable to check Rd xrefs: ‘ggtree’
Flavor: r-release-osx-x86_64

Version: 0.0.3
Check: package dependencies
Result: NOTE
    Packages suggested but not available for checking:
     ‘gurobi’ ‘Rsymphony’ ‘lpsymphony’
Flavor: r-oldrel-osx-x86_64