CRAN Package Check Results for Package oppr

Last updated on 2019-10-13 22:48:46 CEST.

Flavor Version Tinstall Tcheck Ttotal Status Flags
r-devel-linux-x86_64-debian-clang 0.0.4 219.27 126.11 345.38 NOTE
r-devel-linux-x86_64-debian-gcc 0.0.4 164.68 99.67 264.35 NOTE
r-devel-linux-x86_64-fedora-clang 0.0.4 474.55 NOTE
r-devel-linux-x86_64-fedora-gcc 0.0.4 499.45 NOTE
r-devel-windows-ix86+x86_64 0.0.4 411.00 298.00 709.00 NOTE
r-patched-linux-x86_64 0.0.4 182.23 120.87 303.10 NOTE
r-patched-solaris-x86 0.0.4 467.60 NOTE
r-release-linux-x86_64 0.0.4 176.57 121.73 298.30 NOTE
r-release-windows-ix86+x86_64 0.0.4 544.00 211.00 755.00 NOTE
r-release-osx-x86_64 0.0.4 NOTE
r-oldrel-windows-ix86+x86_64 0.0.4 401.00 203.00 604.00 NOTE
r-oldrel-osx-x86_64 0.0.4 NOTE

Check Details

Version: 0.0.4
Check: package dependencies
Result: NOTE
    Package suggested but not available for checking: 'gurobi'
Flavors: r-devel-linux-x86_64-debian-clang, r-devel-linux-x86_64-debian-gcc, r-devel-linux-x86_64-fedora-clang, r-devel-linux-x86_64-fedora-gcc, r-devel-windows-ix86+x86_64, r-patched-linux-x86_64, r-release-linux-x86_64, r-release-windows-ix86+x86_64, r-oldrel-windows-ix86+x86_64

Version: 0.0.4
Check: installed package size
Result: NOTE
     installed size is 9.6Mb
     sub-directories of 1Mb or more:
     libs 8.0Mb
Flavors: r-devel-linux-x86_64-fedora-clang, r-release-osx-x86_64, r-oldrel-osx-x86_64

Version: 0.0.4
Check: package dependencies
Result: NOTE
    Packages suggested but not available for checking:
     'gurobi', 'Rsymphony', 'lpsymphony'
Flavor: r-patched-solaris-x86

Version: 0.0.4
Check: package dependencies
Result: NOTE
    Packages suggested but not available for checking:
     'gurobi', 'ggtree', 'Rsymphony', 'lpsymphony'
Flavor: r-release-osx-x86_64

Version: 0.0.4
Check: Rd cross-references
Result: NOTE
    Package unavailable to check Rd xrefs: ‘ggtree’
Flavor: r-release-osx-x86_64

Version: 0.0.4
Check: package dependencies
Result: NOTE
    Packages suggested but not available for checking:
     ‘gurobi’ ‘Rsymphony’ ‘lpsymphony’
Flavor: r-oldrel-osx-x86_64